{"id":14083,"date":"2025-02-24T20:28:00","date_gmt":"2025-02-24T20:28:00","guid":{"rendered":"https:\/\/itajuba.cam.mg.gov.br\/site\/?page_id=14083"},"modified":"2025-03-25T19:05:00","modified_gmt":"2025-03-25T19:05:00","slug":"vera-mouallem","status":"publish","type":"page","link":"https:\/\/itajuba.cam.mg.gov.br\/site\/vera-mouallem\/","title":{"rendered":"Vera Mouallem"},"content":{"rendered":"\t\t<div data-elementor-type=\"wp-page\" data-elementor-id=\"14083\" class=\"elementor elementor-14083\" data-elementor-post-type=\"page\">\n\t\t\t\t\t\t\t\t\t<section class=\"elementor-section elementor-top-section elementor-element elementor-element-fd7d8db elementor-section-boxed elementor-section-height-default elementor-section-height-default\" data-id=\"fd7d8db\" data-element_type=\"section\">\n\t\t\t\t\t\t<div class=\"elementor-container elementor-column-gap-default\">\n\t\t\t\t\t<div class=\"elementor-column elementor-col-50 elementor-top-column elementor-element elementor-element-9a0f3e0\" data-id=\"9a0f3e0\" data-element_type=\"column\">\n\t\t\t<div class=\"elementor-widget-wrap elementor-element-populated\">\n\t\t\t\t\t\t\t\t<div class=\"elementor-element elementor-element-e53af33 elementor-widget elementor-widget-image\" data-id=\"e53af33\" data-element_type=\"widget\" data-widget_type=\"image.default\">\n\t\t\t\t<div class=\"elementor-widget-container\">\n\t\t\t<style>\/*! elementor - v3.16.0 - 13-09-2023 *\/\n.elementor-widget-image{text-align:center}.elementor-widget-image a{display:inline-block}.elementor-widget-image a img[src$=\".svg\"]{width:48px}.elementor-widget-image img{vertical-align:middle;display:inline-block}<\/style>\t\t\t\t\t\t\t\t\t\t\t\t<img loading=\"lazy\" decoding=\"async\" width=\"750\" height=\"1000\" src=\"https:\/\/itajuba.cam.mg.gov.br\/site\/wp-content\/uploads\/2025\/02\/img_vera.png\" class=\"attachment-large size-large wp-image-14087\" alt=\"\" srcset=\"https:\/\/itajuba.cam.mg.gov.br\/site\/wp-content\/uploads\/2025\/02\/img_vera.png 750w, https:\/\/itajuba.cam.mg.gov.br\/site\/wp-content\/uploads\/2025\/02\/img_vera-225x300.png 225w\" sizes=\"auto, (max-width: 750px) 100vw, 750px\" \/>\t\t\t\t\t\t\t\t\t\t\t\t\t\t\t<\/div>\n\t\t\t\t<\/div>\n\t\t\t\t\t<\/div>\n\t\t<\/div>\n\t\t\t\t<div class=\"elementor-column elementor-col-50 elementor-top-column elementor-element elementor-element-ff34fc4\" data-id=\"ff34fc4\" data-element_type=\"column\">\n\t\t\t<div class=\"elementor-widget-wrap elementor-element-populated\">\n\t\t\t\t\t\t\t\t<div class=\"elementor-element elementor-element-6112dbe elementor-widget elementor-widget-text-editor\" data-id=\"6112dbe\" data-element_type=\"widget\" data-widget_type=\"text-editor.default\">\n\t\t\t\t<div class=\"elementor-widget-container\">\n\t\t\t<style>\/*! elementor - v3.16.0 - 13-09-2023 *\/\n.elementor-widget-text-editor.elementor-drop-cap-view-stacked .elementor-drop-cap{background-color:#69727d;color:#fff}.elementor-widget-text-editor.elementor-drop-cap-view-framed .elementor-drop-cap{color:#69727d;border:3px solid;background-color:transparent}.elementor-widget-text-editor:not(.elementor-drop-cap-view-default) .elementor-drop-cap{margin-top:8px}.elementor-widget-text-editor:not(.elementor-drop-cap-view-default) .elementor-drop-cap-letter{width:1em;height:1em}.elementor-widget-text-editor .elementor-drop-cap{float:left;text-align:center;line-height:1;font-size:50px}.elementor-widget-text-editor .elementor-drop-cap-letter{display:inline-block}<\/style>\t\t\t\t<p><strong>Nome Completo: <\/strong>Vera Mouallem<br \/><strong>Partido Pol\u00edtico: <\/strong>Progressistas<br \/><strong>Telefone: <\/strong>(35) 3629-6424<br \/><strong>Facebook: <\/strong><a href=\"https:\/\/www.facebook.com\/veralucia.mouallem\">https:\/\/www.facebook.com\/veralucia.mouallem<\/a><br \/><strong>Instagram: <\/strong><a href=\"https:\/\/www.instagram.com\/vereadora_vera_mouallem\/\">https:\/\/www.instagram.com\/vereadora_vera_mouallem\/<\/a><\/p><p><strong>E-mail: <\/strong>veralucia@itajuba.cam.mg.gov.br<\/p>\t\t\t\t\t\t<\/div>\n\t\t\t\t<\/div>\n\t\t\t\t<div class=\"elementor-element elementor-element-55ebf58 elementor-widget elementor-widget-button\" data-id=\"55ebf58\" data-element_type=\"widget\" data-widget_type=\"button.default\">\n\t\t\t\t<div class=\"elementor-widget-container\">\n\t\t\t\t\t<div class=\"elementor-button-wrapper\">\n\t\t\t<a class=\"elementor-button elementor-button-link elementor-size-sm\" href=\"https:\/\/itajuba.siscam.com.br\/Vereadores\/Vereador\/1094\">\n\t\t\t\t\t\t<span class=\"elementor-button-content-wrapper\">\n\t\t\t\t\t\t<span class=\"elementor-button-text\">Produ\u00e7\u00e3o Legislativa da Vereadora<\/span>\n\t\t<\/span>\n\t\t\t\t\t<\/a>\n\t\t<\/div>\n\t\t\t\t<\/div>\n\t\t\t\t<\/div>\n\t\t\t\t\t<\/div>\n\t\t<\/div>\n\t\t\t\t\t\t\t<\/div>\n\t\t<\/section>\n\t\t\t\t<section class=\"elementor-section elementor-top-section elementor-element elementor-element-7749309f elementor-section-boxed elementor-section-height-default elementor-section-height-default\" data-id=\"7749309f\" data-element_type=\"section\">\n\t\t\t\t\t\t<div class=\"elementor-container elementor-column-gap-default\">\n\t\t\t\t\t<div class=\"elementor-column elementor-col-100 elementor-top-column elementor-element elementor-element-7b023244\" data-id=\"7b023244\" data-element_type=\"column\">\n\t\t\t<div class=\"elementor-widget-wrap elementor-element-populated\">\n\t\t\t\t\t\t\t\t<div class=\"elementor-element elementor-element-72c1cace elementor-widget elementor-widget-text-editor\" data-id=\"72c1cace\" data-element_type=\"widget\" data-widget_type=\"text-editor.default\">\n\t\t\t\t<div class=\"elementor-widget-container\">\n\t\t\t\t\t\t\t<h3>BIOGRAFIA<\/h3>\t\t\t\t\t\t<\/div>\n\t\t\t\t<\/div>\n\t\t\t\t\t<\/div>\n\t\t<\/div>\n\t\t\t\t\t\t\t<\/div>\n\t\t<\/section>\n\t\t\t\t<section class=\"elementor-section elementor-top-section elementor-element elementor-element-71faf44 elementor-section-boxed elementor-section-height-default elementor-section-height-default\" data-id=\"71faf44\" data-element_type=\"section\">\n\t\t\t\t\t\t<div class=\"elementor-container elementor-column-gap-default\">\n\t\t\t\t\t<div class=\"elementor-column elementor-col-100 elementor-top-column elementor-element elementor-element-cf8e47c\" data-id=\"cf8e47c\" data-element_type=\"column\">\n\t\t\t<div class=\"elementor-widget-wrap elementor-element-populated\">\n\t\t\t\t\t\t\t\t<div class=\"elementor-element elementor-element-4ee6ae2 elementor-widget elementor-widget-text-editor\" data-id=\"4ee6ae2\" data-element_type=\"widget\" data-widget_type=\"text-editor.default\">\n\t\t\t\t<div class=\"elementor-widget-container\">\n\t\t\t\t\t\t\t<p><span style=\"font-size: 14px; color: inherit; font-family: inherit;\">Vera L\u00facia Mouallem \u00e9 a oitava filha de Jos\u00e9 Francisco e Helena de Souza, de uma fam\u00edlia de 13 irm\u00e3os. Casada com Charles, \u00e9 m\u00e3e de Samira, Tony e Joe. Ao longo de sua vida, sempre foi uma pessoa envolvida com a comunidade e com causas que buscam transformar a realidade das pessoas ao redor.<\/span><\/p><p>Comerciante h\u00e1 30 anos, possui ampla experi\u00eancia na gest\u00e3o de neg\u00f3cios e pessoas.<\/p><p>Vera \u00e9 crist\u00e3 cat\u00f3lica e, como tal, exerce a fun\u00e7\u00e3o de catequista, o que lhe permite estar ainda mais pr\u00f3xima de sua comunidade, compartilhando valores de f\u00e9 e solidariedade. Al\u00e9m disso, seu compromisso com a inclus\u00e3o social a levou a participar ativamente de projetos que visam dar voz e oportunidade a todos, sem distin\u00e7\u00e3o.<\/p><p>Foi uma das idealizadoras do projeto &#8220;Missa Inclusiva&#8221;, no Santu\u00e1rio Nossa Senhora da Agonia, um espa\u00e7o dedicado \u00e0 inclus\u00e3o das pessoas com defici\u00eancia em nossas celebra\u00e7\u00f5es religiosas. Tamb\u00e9m esteve \u00e0 frente do Bazar da Santa Casa, uma a\u00e7\u00e3o importante para arrecadar recursos e apoiar as institui\u00e7\u00f5es de sa\u00fade da nossa cidade.<\/p><p>Vera tem uma vis\u00e3o clara para Itajub\u00e1: uma cidade mais justa, inclusiva e solid\u00e1ria. Acredita que todos devem ter as mesmas oportunidades de desenvolvimento e, por isso, seu compromisso na C\u00e2mara Municipal ser\u00e1 em defesa dessas pautas, buscando garantir que ningu\u00e9m seja deixado para tr\u00e1s.<\/p><p>Est\u00e1 profundamente envolvida em diversas iniciativas sociais, principalmente no terceiro setor, e tem grande apre\u00e7o por todos os projetos que promovem a inclus\u00e3o, o desenvolvimento social e o fortalecimento da nossa cidade. Como vereadora, Vera lutar\u00e1 para que Itajub\u00e1 continue crescendo de forma justa e igualit\u00e1ria, com respeito \u00e0 diversidade e aten\u00e7\u00e3o \u00e0s necessidades de todos os cidad\u00e3os.<\/p><p>Com coragem e firmeza, dedicar\u00e1 a ser a voz daqueles que n\u00e3o t\u00eam voz, garantindo que os direitos de todos sejam respeitados e que nossa cidade seja um lugar mais justo e acolhedor para todos.<\/p>\t\t\t\t\t\t<\/div>\n\t\t\t\t<\/div>\n\t\t\t\t\t<\/div>\n\t\t<\/div>\n\t\t\t\t\t\t\t<\/div>\n\t\t<\/section>\n\t\t\t\t\t\t\t<\/div>\n\t\t","protected":false},"excerpt":{"rendered":"<p>Nome Completo: Vera MouallemPartido Pol\u00edtico: ProgressistasTelefone: (35) 3629-6424Facebook: https:\/\/www.facebook.com\/veralucia.mouallemInstagram: https:\/\/www.instagram.com\/vereadora_vera_mouallem\/ E-mail: veralucia@itajuba.cam.mg.gov.br Produ\u00e7\u00e3o Legislativa da Vereadora BIOGRAFIA Vera L\u00facia Mouallem \u00e9 a oitava filha de Jos\u00e9 Francisco e Helena de Souza, de uma fam\u00edlia de 13 irm\u00e3os. Casada com Charles, \u00e9 m\u00e3e de Samira, Tony e Joe. Ao longo de sua vida, sempre foi uma [&hellip;]<\/p>\n","protected":false},"author":2,"featured_media":0,"parent":0,"menu_order":0,"comment_status":"closed","ping_status":"closed","template":"","meta":{"footnotes":""},"class_list":["post-14083","page","type-page","status-publish","hentry"],"yoast_head":"<!-- This site is optimized with the Yoast SEO plugin v21.0 - https:\/\/yoast.com\/wordpress\/plugins\/seo\/ -->\n<title>Vera Mouallem - C\u00e2mara Municipal de Itajub\u00e1<\/title>\n<meta name=\"robots\" content=\"index, follow, max-snippet:-1, max-image-preview:large, max-video-preview:-1\" \/>\n<link rel=\"canonical\" href=\"https:\/\/itajuba.cam.mg.gov.br\/site\/vera-mouallem\/\" \/>\n<meta property=\"og:locale\" content=\"pt_BR\" \/>\n<meta property=\"og:type\" content=\"article\" \/>\n<meta property=\"og:title\" content=\"Vera Mouallem - C\u00e2mara Municipal de Itajub\u00e1\" \/>\n<meta property=\"og:description\" content=\"Nome Completo: Vera MouallemPartido Pol\u00edtico: ProgressistasTelefone: (35) 3629-6424Facebook: https:\/\/www.facebook.com\/veralucia.mouallemInstagram: https:\/\/www.instagram.com\/vereadora_vera_mouallem\/ E-mail: veralucia@itajuba.cam.mg.gov.br Produ\u00e7\u00e3o Legislativa da Vereadora BIOGRAFIA Vera L\u00facia Mouallem \u00e9 a oitava filha de Jos\u00e9 Francisco e Helena de Souza, de uma fam\u00edlia de 13 irm\u00e3os. Casada com Charles, \u00e9 m\u00e3e de Samira, Tony e Joe. Ao longo de sua vida, sempre foi uma [&hellip;]\" \/>\n<meta property=\"og:url\" content=\"https:\/\/itajuba.cam.mg.gov.br\/site\/vera-mouallem\/\" \/>\n<meta property=\"og:site_name\" content=\"C\u00e2mara Municipal de Itajub\u00e1\" \/>\n<meta property=\"article:publisher\" content=\"https:\/\/www.facebook.com\/camaradeitajubaoficial\" \/>\n<meta property=\"article:modified_time\" content=\"2025-03-25T19:05:00+00:00\" \/>\n<meta property=\"og:image\" content=\"https:\/\/itajuba.cam.mg.gov.br\/site\/wp-content\/uploads\/2025\/02\/img_vera.png\" \/>\n<meta name=\"twitter:card\" content=\"summary_large_image\" \/>\n<meta name=\"twitter:label1\" content=\"Est. tempo de leitura\" \/>\n\t<meta name=\"twitter:data1\" content=\"3 minutos\" \/>\n<script type=\"application\/ld+json\" class=\"yoast-schema-graph\">{\"@context\":\"https:\/\/schema.org\",\"@graph\":[{\"@type\":\"WebPage\",\"@id\":\"https:\/\/itajuba.cam.mg.gov.br\/site\/vera-mouallem\/\",\"url\":\"https:\/\/itajuba.cam.mg.gov.br\/site\/vera-mouallem\/\",\"name\":\"Vera Mouallem - C\u00e2mara Municipal de Itajub\u00e1\",\"isPartOf\":{\"@id\":\"https:\/\/itajuba.cam.mg.gov.br\/site\/#website\"},\"datePublished\":\"2025-02-24T20:28:00+00:00\",\"dateModified\":\"2025-03-25T19:05:00+00:00\",\"breadcrumb\":{\"@id\":\"https:\/\/itajuba.cam.mg.gov.br\/site\/vera-mouallem\/#breadcrumb\"},\"inLanguage\":\"pt-BR\",\"potentialAction\":[{\"@type\":\"ReadAction\",\"target\":[\"https:\/\/itajuba.cam.mg.gov.br\/site\/vera-mouallem\/\"]}]},{\"@type\":\"BreadcrumbList\",\"@id\":\"https:\/\/itajuba.cam.mg.gov.br\/site\/vera-mouallem\/#breadcrumb\",\"itemListElement\":[{\"@type\":\"ListItem\",\"position\":1,\"name\":\"In\u00edcio\",\"item\":\"https:\/\/itajuba.cam.mg.gov.br\/site\/\"},{\"@type\":\"ListItem\",\"position\":2,\"name\":\"Vera Mouallem\"}]},{\"@type\":\"WebSite\",\"@id\":\"https:\/\/itajuba.cam.mg.gov.br\/site\/#website\",\"url\":\"https:\/\/itajuba.cam.mg.gov.br\/site\/\",\"name\":\"C\u00e2mara Municipal de Itajub\u00e1\",\"description\":\"Efici\u00eancia e Transpar\u00eancia\",\"publisher\":{\"@id\":\"https:\/\/itajuba.cam.mg.gov.br\/site\/#organization\"},\"potentialAction\":[{\"@type\":\"SearchAction\",\"target\":{\"@type\":\"EntryPoint\",\"urlTemplate\":\"https:\/\/itajuba.cam.mg.gov.br\/site\/?s={search_term_string}\"},\"query-input\":\"required name=search_term_string\"}],\"inLanguage\":\"pt-BR\"},{\"@type\":\"Organization\",\"@id\":\"https:\/\/itajuba.cam.mg.gov.br\/site\/#organization\",\"name\":\"C\u00e2mara Municipal de Itajub\u00e1\",\"url\":\"https:\/\/itajuba.cam.mg.gov.br\/site\/\",\"logo\":{\"@type\":\"ImageObject\",\"inLanguage\":\"pt-BR\",\"@id\":\"https:\/\/itajuba.cam.mg.gov.br\/site\/#\/schema\/logo\/image\/\",\"url\":\"https:\/\/itajuba.cam.mg.gov.br\/site\/wp-content\/uploads\/2023\/09\/logo_camara_2024.png\",\"contentUrl\":\"https:\/\/itajuba.cam.mg.gov.br\/site\/wp-content\/uploads\/2023\/09\/logo_camara_2024.png\",\"width\":1000,\"height\":385,\"caption\":\"C\u00e2mara Municipal de Itajub\u00e1\"},\"image\":{\"@id\":\"https:\/\/itajuba.cam.mg.gov.br\/site\/#\/schema\/logo\/image\/\"},\"sameAs\":[\"https:\/\/www.facebook.com\/camaradeitajubaoficial\",\"https:\/\/www.instagram.com\/camaradeitajubaoficial\/\",\"https:\/\/www.youtube.com\/user\/TVCAMARAITAJUBA\"]}]}<\/script>\n<!-- \/ Yoast SEO plugin. -->","yoast_head_json":{"title":"Vera Mouallem - C\u00e2mara Municipal de Itajub\u00e1","robots":{"index":"index","follow":"follow","max-snippet":"max-snippet:-1","max-image-preview":"max-image-preview:large","max-video-preview":"max-video-preview:-1"},"canonical":"https:\/\/itajuba.cam.mg.gov.br\/site\/vera-mouallem\/","og_locale":"pt_BR","og_type":"article","og_title":"Vera Mouallem - C\u00e2mara Municipal de Itajub\u00e1","og_description":"Nome Completo: Vera MouallemPartido Pol\u00edtico: ProgressistasTelefone: (35) 3629-6424Facebook: https:\/\/www.facebook.com\/veralucia.mouallemInstagram: https:\/\/www.instagram.com\/vereadora_vera_mouallem\/ E-mail: veralucia@itajuba.cam.mg.gov.br Produ\u00e7\u00e3o Legislativa da Vereadora BIOGRAFIA Vera L\u00facia Mouallem \u00e9 a oitava filha de Jos\u00e9 Francisco e Helena de Souza, de uma fam\u00edlia de 13 irm\u00e3os. Casada com Charles, \u00e9 m\u00e3e de Samira, Tony e Joe. Ao longo de sua vida, sempre foi uma [&hellip;]","og_url":"https:\/\/itajuba.cam.mg.gov.br\/site\/vera-mouallem\/","og_site_name":"C\u00e2mara Municipal de Itajub\u00e1","article_publisher":"https:\/\/www.facebook.com\/camaradeitajubaoficial","article_modified_time":"2025-03-25T19:05:00+00:00","og_image":[{"url":"https:\/\/itajuba.cam.mg.gov.br\/site\/wp-content\/uploads\/2025\/02\/img_vera.png"}],"twitter_card":"summary_large_image","twitter_misc":{"Est. tempo de leitura":"3 minutos"},"schema":{"@context":"https:\/\/schema.org","@graph":[{"@type":"WebPage","@id":"https:\/\/itajuba.cam.mg.gov.br\/site\/vera-mouallem\/","url":"https:\/\/itajuba.cam.mg.gov.br\/site\/vera-mouallem\/","name":"Vera Mouallem - C\u00e2mara Municipal de Itajub\u00e1","isPartOf":{"@id":"https:\/\/itajuba.cam.mg.gov.br\/site\/#website"},"datePublished":"2025-02-24T20:28:00+00:00","dateModified":"2025-03-25T19:05:00+00:00","breadcrumb":{"@id":"https:\/\/itajuba.cam.mg.gov.br\/site\/vera-mouallem\/#breadcrumb"},"inLanguage":"pt-BR","potentialAction":[{"@type":"ReadAction","target":["https:\/\/itajuba.cam.mg.gov.br\/site\/vera-mouallem\/"]}]},{"@type":"BreadcrumbList","@id":"https:\/\/itajuba.cam.mg.gov.br\/site\/vera-mouallem\/#breadcrumb","itemListElement":[{"@type":"ListItem","position":1,"name":"In\u00edcio","item":"https:\/\/itajuba.cam.mg.gov.br\/site\/"},{"@type":"ListItem","position":2,"name":"Vera Mouallem"}]},{"@type":"WebSite","@id":"https:\/\/itajuba.cam.mg.gov.br\/site\/#website","url":"https:\/\/itajuba.cam.mg.gov.br\/site\/","name":"C\u00e2mara Municipal de Itajub\u00e1","description":"Efici\u00eancia e Transpar\u00eancia","publisher":{"@id":"https:\/\/itajuba.cam.mg.gov.br\/site\/#organization"},"potentialAction":[{"@type":"SearchAction","target":{"@type":"EntryPoint","urlTemplate":"https:\/\/itajuba.cam.mg.gov.br\/site\/?s={search_term_string}"},"query-input":"required name=search_term_string"}],"inLanguage":"pt-BR"},{"@type":"Organization","@id":"https:\/\/itajuba.cam.mg.gov.br\/site\/#organization","name":"C\u00e2mara Municipal de Itajub\u00e1","url":"https:\/\/itajuba.cam.mg.gov.br\/site\/","logo":{"@type":"ImageObject","inLanguage":"pt-BR","@id":"https:\/\/itajuba.cam.mg.gov.br\/site\/#\/schema\/logo\/image\/","url":"https:\/\/itajuba.cam.mg.gov.br\/site\/wp-content\/uploads\/2023\/09\/logo_camara_2024.png","contentUrl":"https:\/\/itajuba.cam.mg.gov.br\/site\/wp-content\/uploads\/2023\/09\/logo_camara_2024.png","width":1000,"height":385,"caption":"C\u00e2mara Municipal de Itajub\u00e1"},"image":{"@id":"https:\/\/itajuba.cam.mg.gov.br\/site\/#\/schema\/logo\/image\/"},"sameAs":["https:\/\/www.facebook.com\/camaradeitajubaoficial","https:\/\/www.instagram.com\/camaradeitajubaoficial\/","https:\/\/www.youtube.com\/user\/TVCAMARAITAJUBA"]}]}},"_links":{"self":[{"href":"https:\/\/itajuba.cam.mg.gov.br\/site\/wp-json\/wp\/v2\/pages\/14083","targetHints":{"allow":["GET"]}}],"collection":[{"href":"https:\/\/itajuba.cam.mg.gov.br\/site\/wp-json\/wp\/v2\/pages"}],"about":[{"href":"https:\/\/itajuba.cam.mg.gov.br\/site\/wp-json\/wp\/v2\/types\/page"}],"author":[{"embeddable":true,"href":"https:\/\/itajuba.cam.mg.gov.br\/site\/wp-json\/wp\/v2\/users\/2"}],"replies":[{"embeddable":true,"href":"https:\/\/itajuba.cam.mg.gov.br\/site\/wp-json\/wp\/v2\/comments?post=14083"}],"version-history":[{"count":19,"href":"https:\/\/itajuba.cam.mg.gov.br\/site\/wp-json\/wp\/v2\/pages\/14083\/revisions"}],"predecessor-version":[{"id":14550,"href":"https:\/\/itajuba.cam.mg.gov.br\/site\/wp-json\/wp\/v2\/pages\/14083\/revisions\/14550"}],"wp:attachment":[{"href":"https:\/\/itajuba.cam.mg.gov.br\/site\/wp-json\/wp\/v2\/media?parent=14083"}],"curies":[{"name":"wp","href":"https:\/\/api.w.org\/{rel}","templated":true}]}}