{"id":5350,"date":"2023-09-14T19:18:26","date_gmt":"2023-09-14T19:18:26","guid":{"rendered":"https:\/\/itajuba.cam.mg.gov.br\/site\/?page_id=5350"},"modified":"2023-10-08T20:30:28","modified_gmt":"2023-10-08T20:30:28","slug":"instituicao","status":"publish","type":"page","link":"https:\/\/itajuba.cam.mg.gov.br\/site\/instituicao\/","title":{"rendered":"Institui\u00e7\u00e3o"},"content":{"rendered":"\t\t<div data-elementor-type=\"wp-page\" data-elementor-id=\"5350\" class=\"elementor elementor-5350\" data-elementor-post-type=\"page\">\n\t\t\t\t\t\t\t\t\t<section class=\"elementor-section elementor-top-section elementor-element elementor-element-a9bf516 elementor-section-boxed elementor-section-height-default elementor-section-height-default\" data-id=\"a9bf516\" data-element_type=\"section\">\n\t\t\t\t\t\t<div class=\"elementor-container elementor-column-gap-default\">\n\t\t\t\t\t<div class=\"elementor-column elementor-col-100 elementor-top-column elementor-element elementor-element-2c57bb6\" data-id=\"2c57bb6\" data-element_type=\"column\">\n\t\t\t<div class=\"elementor-widget-wrap elementor-element-populated\">\n\t\t\t\t\t\t\t\t<div class=\"elementor-element elementor-element-811ae5f elementor-widget elementor-widget-text-editor\" data-id=\"811ae5f\" data-element_type=\"widget\" data-widget_type=\"text-editor.default\">\n\t\t\t\t<div class=\"elementor-widget-container\">\n\t\t\t<style>\/*! elementor - v3.16.0 - 13-09-2023 *\/\n.elementor-widget-text-editor.elementor-drop-cap-view-stacked .elementor-drop-cap{background-color:#69727d;color:#fff}.elementor-widget-text-editor.elementor-drop-cap-view-framed .elementor-drop-cap{color:#69727d;border:3px solid;background-color:transparent}.elementor-widget-text-editor:not(.elementor-drop-cap-view-default) .elementor-drop-cap{margin-top:8px}.elementor-widget-text-editor:not(.elementor-drop-cap-view-default) .elementor-drop-cap-letter{width:1em;height:1em}.elementor-widget-text-editor .elementor-drop-cap{float:left;text-align:center;line-height:1;font-size:50px}.elementor-widget-text-editor .elementor-drop-cap-letter{display:inline-block}<\/style>\t\t\t\t<p>A Lei provincial n\u00ba 355, de 27 de setembro de 1848, elevou a ent\u00e3o Freguesia da Boa Vista de Itajub\u00e1 \u00e0 categoria Vila, emancipando, deste modo, o Munic\u00edpio de Itajub\u00e1, desligando-se do Munic\u00edpio de Campanha. No regime imperial, a classifica\u00e7\u00e3o de vila era dada \u00e0 sede da freguesia (distrito) que se emancipava politicamente, conforme ocorreu com todas as nossas cidades do s\u00e9culo passado. Depois de adquirido certo melhoramento de urbaniza\u00e7\u00e3o e algum processo local, e a popula\u00e7\u00e3o, o n\u00famero de casas (de \u201cfog\u00f5es\u201d, conforme se dizia) e outras exig\u00eancias satisfaziam \u00e0s condi\u00e7\u00f5es para a promo\u00e7\u00e3o, era, ent\u00e3o, a sede do Munic\u00edpio elevada \u00e0 categoria de cidade, o que se deu em Itajub\u00e1 em 4 de outubro de 1862, data que j\u00e1 se tem confundido com a da emancipa\u00e7\u00e3o do Munic\u00edpio, j\u00e1 concedida anteriormente pela citada Lei n\u00ba 355.<\/p><p>Atualmente desapareceu a classifica\u00e7\u00e3o intermediaria de vila, e os novos distritos, ao emancipar-se, t\u00eam a sua sede diretamente classificada como cidade, como aconteceu com os \u00faltimos munic\u00edpios desanexados de Itajub\u00e1, cujas sedes s\u00e3o consideradas oficialmente cidades.<\/p><p>Criado o Munic\u00edpio de Itajub\u00e1 com a referida Lei de 27 de setembro de 1848, que \u00e9 a verdadeira data da emancipa\u00e7\u00e3o de nosso Munic\u00edpio, cumpria que se instalasse a vila e se empossasse a primeira C\u00e2mara Municipal, o que ocorreu festivamente no ano seguinte, em 21 de junho de 1849, com a presen\u00e7a das autoridades municipais de Campanha, de cujo munic\u00edpio Itajub\u00e1 se desligava, conforme assim reza o \u201cAuto da instala\u00e7\u00e3o\u201d, que teve os seguintes dizeres:<\/p><p>\u201c Auto da instala\u00e7\u00e3o da nova Vila da Boa Vista de Itajub\u00e1, criada pela Lei Provincial n\u00ba 355, de 27 de setembro de 1848, e de juramento e posse dos vereadores eleitos conforme o Decreto de 13 de novembro de 1832 e Ordem do Exmo Presidente da Prov\u00edncia. \u201d<\/p><p>Posteriormente foram ainda anexados a Itajub\u00e1 os munic\u00edpios de Parais\u00f3polis (Parais\u00f3polis, Sapuca\u00ed-Mirim, Consola\u00e7\u00e3o, Gon\u00e7alves, Concei\u00e7\u00e3o dos Ouros e Cachoeira de Minas) e o de Santa Rita do Sapuca\u00ed (Santa Rita, S\u00e3o Sebasti\u00e3o da Bela Vista, Nat\u00e9rcia e parte de Carea\u00e7u). Todos estes munic\u00edpios j\u00e1 foram Itajub\u00e1, hoje reduzidos e transformados em Cidades.<\/p>\t\t\t\t\t\t<\/div>\n\t\t\t\t<\/div>\n\t\t\t\t\t<\/div>\n\t\t<\/div>\n\t\t\t\t\t\t\t<\/div>\n\t\t<\/section>\n\t\t\t\t\t\t\t<\/div>\n\t\t","protected":false},"excerpt":{"rendered":"<p>A Lei provincial n\u00ba 355, de 27 de setembro de 1848, elevou a ent\u00e3o Freguesia da Boa Vista de Itajub\u00e1 \u00e0 categoria Vila, emancipando, deste modo, o Munic\u00edpio de Itajub\u00e1, desligando-se do Munic\u00edpio de Campanha. No regime imperial, a classifica\u00e7\u00e3o de vila era dada \u00e0 sede da freguesia (distrito) que se emancipava politicamente, conforme ocorreu [&hellip;]<\/p>\n","protected":false},"author":1,"featured_media":0,"parent":0,"menu_order":0,"comment_status":"closed","ping_status":"closed","template":"","meta":{"footnotes":""},"class_list":["post-5350","page","type-page","status-publish","hentry"],"yoast_head":"<!-- This site is optimized with the Yoast SEO plugin v21.0 - https:\/\/yoast.com\/wordpress\/plugins\/seo\/ -->\n<title>Institui\u00e7\u00e3o - C\u00e2mara Municipal de Itajub\u00e1<\/title>\n<meta name=\"robots\" content=\"index, follow, max-snippet:-1, max-image-preview:large, max-video-preview:-1\" \/>\n<link rel=\"canonical\" href=\"https:\/\/itajuba.cam.mg.gov.br\/site\/instituicao\/\" \/>\n<meta property=\"og:locale\" content=\"pt_BR\" \/>\n<meta property=\"og:type\" content=\"article\" \/>\n<meta property=\"og:title\" content=\"Institui\u00e7\u00e3o - C\u00e2mara Municipal de Itajub\u00e1\" \/>\n<meta property=\"og:description\" content=\"A Lei provincial n\u00ba 355, de 27 de setembro de 1848, elevou a ent\u00e3o Freguesia da Boa Vista de Itajub\u00e1 \u00e0 categoria Vila, emancipando, deste modo, o Munic\u00edpio de Itajub\u00e1, desligando-se do Munic\u00edpio de Campanha. No regime imperial, a classifica\u00e7\u00e3o de vila era dada \u00e0 sede da freguesia (distrito) que se emancipava politicamente, conforme ocorreu [&hellip;]\" \/>\n<meta property=\"og:url\" content=\"https:\/\/itajuba.cam.mg.gov.br\/site\/instituicao\/\" \/>\n<meta property=\"og:site_name\" content=\"C\u00e2mara Municipal de Itajub\u00e1\" \/>\n<meta property=\"article:publisher\" content=\"https:\/\/www.facebook.com\/camaradeitajubaoficial\" \/>\n<meta property=\"article:modified_time\" content=\"2023-10-08T20:30:28+00:00\" \/>\n<meta name=\"twitter:card\" content=\"summary_large_image\" \/>\n<meta name=\"twitter:label1\" content=\"Est. tempo de leitura\" \/>\n\t<meta name=\"twitter:data1\" content=\"2 minutos\" \/>\n<script type=\"application\/ld+json\" class=\"yoast-schema-graph\">{\"@context\":\"https:\/\/schema.org\",\"@graph\":[{\"@type\":\"WebPage\",\"@id\":\"https:\/\/itajuba.cam.mg.gov.br\/site\/instituicao\/\",\"url\":\"https:\/\/itajuba.cam.mg.gov.br\/site\/instituicao\/\",\"name\":\"Institui\u00e7\u00e3o - C\u00e2mara Municipal de Itajub\u00e1\",\"isPartOf\":{\"@id\":\"https:\/\/itajuba.cam.mg.gov.br\/site\/#website\"},\"datePublished\":\"2023-09-14T19:18:26+00:00\",\"dateModified\":\"2023-10-08T20:30:28+00:00\",\"breadcrumb\":{\"@id\":\"https:\/\/itajuba.cam.mg.gov.br\/site\/instituicao\/#breadcrumb\"},\"inLanguage\":\"pt-BR\",\"potentialAction\":[{\"@type\":\"ReadAction\",\"target\":[\"https:\/\/itajuba.cam.mg.gov.br\/site\/instituicao\/\"]}]},{\"@type\":\"BreadcrumbList\",\"@id\":\"https:\/\/itajuba.cam.mg.gov.br\/site\/instituicao\/#breadcrumb\",\"itemListElement\":[{\"@type\":\"ListItem\",\"position\":1,\"name\":\"In\u00edcio\",\"item\":\"https:\/\/itajuba.cam.mg.gov.br\/site\/\"},{\"@type\":\"ListItem\",\"position\":2,\"name\":\"Institui\u00e7\u00e3o\"}]},{\"@type\":\"WebSite\",\"@id\":\"https:\/\/itajuba.cam.mg.gov.br\/site\/#website\",\"url\":\"https:\/\/itajuba.cam.mg.gov.br\/site\/\",\"name\":\"C\u00e2mara Municipal de Itajub\u00e1\",\"description\":\"Efici\u00eancia e Transpar\u00eancia\",\"publisher\":{\"@id\":\"https:\/\/itajuba.cam.mg.gov.br\/site\/#organization\"},\"potentialAction\":[{\"@type\":\"SearchAction\",\"target\":{\"@type\":\"EntryPoint\",\"urlTemplate\":\"https:\/\/itajuba.cam.mg.gov.br\/site\/?s={search_term_string}\"},\"query-input\":\"required name=search_term_string\"}],\"inLanguage\":\"pt-BR\"},{\"@type\":\"Organization\",\"@id\":\"https:\/\/itajuba.cam.mg.gov.br\/site\/#organization\",\"name\":\"C\u00e2mara Municipal de Itajub\u00e1\",\"url\":\"https:\/\/itajuba.cam.mg.gov.br\/site\/\",\"logo\":{\"@type\":\"ImageObject\",\"inLanguage\":\"pt-BR\",\"@id\":\"https:\/\/itajuba.cam.mg.gov.br\/site\/#\/schema\/logo\/image\/\",\"url\":\"https:\/\/itajuba.cam.mg.gov.br\/site\/wp-content\/uploads\/2023\/09\/logo_camara_2024.png\",\"contentUrl\":\"https:\/\/itajuba.cam.mg.gov.br\/site\/wp-content\/uploads\/2023\/09\/logo_camara_2024.png\",\"width\":1000,\"height\":385,\"caption\":\"C\u00e2mara Municipal de Itajub\u00e1\"},\"image\":{\"@id\":\"https:\/\/itajuba.cam.mg.gov.br\/site\/#\/schema\/logo\/image\/\"},\"sameAs\":[\"https:\/\/www.facebook.com\/camaradeitajubaoficial\",\"https:\/\/www.instagram.com\/camaradeitajubaoficial\/\",\"https:\/\/www.youtube.com\/user\/TVCAMARAITAJUBA\"]}]}<\/script>\n<!-- \/ Yoast SEO plugin. -->","yoast_head_json":{"title":"Institui\u00e7\u00e3o - C\u00e2mara Municipal de Itajub\u00e1","robots":{"index":"index","follow":"follow","max-snippet":"max-snippet:-1","max-image-preview":"max-image-preview:large","max-video-preview":"max-video-preview:-1"},"canonical":"https:\/\/itajuba.cam.mg.gov.br\/site\/instituicao\/","og_locale":"pt_BR","og_type":"article","og_title":"Institui\u00e7\u00e3o - C\u00e2mara Municipal de Itajub\u00e1","og_description":"A Lei provincial n\u00ba 355, de 27 de setembro de 1848, elevou a ent\u00e3o Freguesia da Boa Vista de Itajub\u00e1 \u00e0 categoria Vila, emancipando, deste modo, o Munic\u00edpio de Itajub\u00e1, desligando-se do Munic\u00edpio de Campanha. No regime imperial, a classifica\u00e7\u00e3o de vila era dada \u00e0 sede da freguesia (distrito) que se emancipava politicamente, conforme ocorreu [&hellip;]","og_url":"https:\/\/itajuba.cam.mg.gov.br\/site\/instituicao\/","og_site_name":"C\u00e2mara Municipal de Itajub\u00e1","article_publisher":"https:\/\/www.facebook.com\/camaradeitajubaoficial","article_modified_time":"2023-10-08T20:30:28+00:00","twitter_card":"summary_large_image","twitter_misc":{"Est. tempo de leitura":"2 minutos"},"schema":{"@context":"https:\/\/schema.org","@graph":[{"@type":"WebPage","@id":"https:\/\/itajuba.cam.mg.gov.br\/site\/instituicao\/","url":"https:\/\/itajuba.cam.mg.gov.br\/site\/instituicao\/","name":"Institui\u00e7\u00e3o - C\u00e2mara Municipal de Itajub\u00e1","isPartOf":{"@id":"https:\/\/itajuba.cam.mg.gov.br\/site\/#website"},"datePublished":"2023-09-14T19:18:26+00:00","dateModified":"2023-10-08T20:30:28+00:00","breadcrumb":{"@id":"https:\/\/itajuba.cam.mg.gov.br\/site\/instituicao\/#breadcrumb"},"inLanguage":"pt-BR","potentialAction":[{"@type":"ReadAction","target":["https:\/\/itajuba.cam.mg.gov.br\/site\/instituicao\/"]}]},{"@type":"BreadcrumbList","@id":"https:\/\/itajuba.cam.mg.gov.br\/site\/instituicao\/#breadcrumb","itemListElement":[{"@type":"ListItem","position":1,"name":"In\u00edcio","item":"https:\/\/itajuba.cam.mg.gov.br\/site\/"},{"@type":"ListItem","position":2,"name":"Institui\u00e7\u00e3o"}]},{"@type":"WebSite","@id":"https:\/\/itajuba.cam.mg.gov.br\/site\/#website","url":"https:\/\/itajuba.cam.mg.gov.br\/site\/","name":"C\u00e2mara Municipal de Itajub\u00e1","description":"Efici\u00eancia e Transpar\u00eancia","publisher":{"@id":"https:\/\/itajuba.cam.mg.gov.br\/site\/#organization"},"potentialAction":[{"@type":"SearchAction","target":{"@type":"EntryPoint","urlTemplate":"https:\/\/itajuba.cam.mg.gov.br\/site\/?s={search_term_string}"},"query-input":"required name=search_term_string"}],"inLanguage":"pt-BR"},{"@type":"Organization","@id":"https:\/\/itajuba.cam.mg.gov.br\/site\/#organization","name":"C\u00e2mara Municipal de Itajub\u00e1","url":"https:\/\/itajuba.cam.mg.gov.br\/site\/","logo":{"@type":"ImageObject","inLanguage":"pt-BR","@id":"https:\/\/itajuba.cam.mg.gov.br\/site\/#\/schema\/logo\/image\/","url":"https:\/\/itajuba.cam.mg.gov.br\/site\/wp-content\/uploads\/2023\/09\/logo_camara_2024.png","contentUrl":"https:\/\/itajuba.cam.mg.gov.br\/site\/wp-content\/uploads\/2023\/09\/logo_camara_2024.png","width":1000,"height":385,"caption":"C\u00e2mara Municipal de Itajub\u00e1"},"image":{"@id":"https:\/\/itajuba.cam.mg.gov.br\/site\/#\/schema\/logo\/image\/"},"sameAs":["https:\/\/www.facebook.com\/camaradeitajubaoficial","https:\/\/www.instagram.com\/camaradeitajubaoficial\/","https:\/\/www.youtube.com\/user\/TVCAMARAITAJUBA"]}]}},"_links":{"self":[{"href":"https:\/\/itajuba.cam.mg.gov.br\/site\/wp-json\/wp\/v2\/pages\/5350","targetHints":{"allow":["GET"]}}],"collection":[{"href":"https:\/\/itajuba.cam.mg.gov.br\/site\/wp-json\/wp\/v2\/pages"}],"about":[{"href":"https:\/\/itajuba.cam.mg.gov.br\/site\/wp-json\/wp\/v2\/types\/page"}],"author":[{"embeddable":true,"href":"https:\/\/itajuba.cam.mg.gov.br\/site\/wp-json\/wp\/v2\/users\/1"}],"replies":[{"embeddable":true,"href":"https:\/\/itajuba.cam.mg.gov.br\/site\/wp-json\/wp\/v2\/comments?post=5350"}],"version-history":[{"count":7,"href":"https:\/\/itajuba.cam.mg.gov.br\/site\/wp-json\/wp\/v2\/pages\/5350\/revisions"}],"predecessor-version":[{"id":6418,"href":"https:\/\/itajuba.cam.mg.gov.br\/site\/wp-json\/wp\/v2\/pages\/5350\/revisions\/6418"}],"wp:attachment":[{"href":"https:\/\/itajuba.cam.mg.gov.br\/site\/wp-json\/wp\/v2\/media?parent=5350"}],"curies":[{"name":"wp","href":"https:\/\/api.w.org\/{rel}","templated":true}]}}