{"id":5368,"date":"2023-09-14T19:32:45","date_gmt":"2023-09-14T19:32:45","guid":{"rendered":"https:\/\/itajuba.cam.mg.gov.br\/site\/?page_id=5368"},"modified":"2023-10-24T15:50:06","modified_gmt":"2023-10-24T15:50:06","slug":"andressa-do-coletivo","status":"publish","type":"page","link":"https:\/\/itajuba.cam.mg.gov.br\/site\/andressa-do-coletivo\/","title":{"rendered":"Andressa do Coletivo"},"content":{"rendered":"\t\t<div data-elementor-type=\"wp-page\" data-elementor-id=\"5368\" class=\"elementor elementor-5368\" data-elementor-post-type=\"page\">\n\t\t\t\t\t\t\t\t\t<section class=\"elementor-section elementor-top-section elementor-element elementor-element-7b32da1d elementor-section-boxed elementor-section-height-default elementor-section-height-default\" data-id=\"7b32da1d\" data-element_type=\"section\">\n\t\t\t\t\t\t<div class=\"elementor-container elementor-column-gap-default\">\n\t\t\t\t\t<div class=\"elementor-column elementor-col-33 elementor-top-column elementor-element elementor-element-66e7c49\" data-id=\"66e7c49\" data-element_type=\"column\">\n\t\t\t<div class=\"elementor-widget-wrap elementor-element-populated\">\n\t\t\t\t\t\t\t\t<div class=\"elementor-element elementor-element-214b0e18 elementor-widget elementor-widget-image\" data-id=\"214b0e18\" data-element_type=\"widget\" data-widget_type=\"image.default\">\n\t\t\t\t<div class=\"elementor-widget-container\">\n\t\t\t<style>\/*! elementor - v3.16.0 - 13-09-2023 *\/\n.elementor-widget-image{text-align:center}.elementor-widget-image a{display:inline-block}.elementor-widget-image a img[src$=\".svg\"]{width:48px}.elementor-widget-image img{vertical-align:middle;display:inline-block}<\/style>\t\t\t\t\t\t\t\t\t\t\t\t<img loading=\"lazy\" decoding=\"async\" width=\"250\" height=\"313\" src=\"https:\/\/itajuba.cam.mg.gov.br\/site\/wp-content\/uploads\/2023\/10\/andressa-Custom.png\" class=\"attachment-medium_large size-medium_large wp-image-7147\" alt=\"\" srcset=\"https:\/\/itajuba.cam.mg.gov.br\/site\/wp-content\/uploads\/2023\/10\/andressa-Custom.png 250w, https:\/\/itajuba.cam.mg.gov.br\/site\/wp-content\/uploads\/2023\/10\/andressa-Custom-240x300.png 240w\" sizes=\"auto, (max-width: 250px) 100vw, 250px\" \/>\t\t\t\t\t\t\t\t\t\t\t\t\t\t\t<\/div>\n\t\t\t\t<\/div>\n\t\t\t\t\t<\/div>\n\t\t<\/div>\n\t\t\t\t<div class=\"elementor-column elementor-col-66 elementor-top-column elementor-element elementor-element-2d91dc84\" data-id=\"2d91dc84\" data-element_type=\"column\">\n\t\t\t<div class=\"elementor-widget-wrap elementor-element-populated\">\n\t\t\t\t\t\t\t\t<div class=\"elementor-element elementor-element-49453732 elementor-widget elementor-widget-text-editor\" data-id=\"49453732\" data-element_type=\"widget\" data-widget_type=\"text-editor.default\">\n\t\t\t\t<div class=\"elementor-widget-container\">\n\t\t\t<style>\/*! elementor - v3.16.0 - 13-09-2023 *\/\n.elementor-widget-text-editor.elementor-drop-cap-view-stacked .elementor-drop-cap{background-color:#69727d;color:#fff}.elementor-widget-text-editor.elementor-drop-cap-view-framed .elementor-drop-cap{color:#69727d;border:3px solid;background-color:transparent}.elementor-widget-text-editor:not(.elementor-drop-cap-view-default) .elementor-drop-cap{margin-top:8px}.elementor-widget-text-editor:not(.elementor-drop-cap-view-default) .elementor-drop-cap-letter{width:1em;height:1em}.elementor-widget-text-editor .elementor-drop-cap{float:left;text-align:center;line-height:1;font-size:50px}.elementor-widget-text-editor .elementor-drop-cap-letter{display:inline-block}<\/style>\t\t\t\t<strong>Nome Completo: <\/strong>Andressa Daiany da Silva Arantes<br>\n<strong>Partido Pol\u00edtico: <\/strong>PT<br>\n<strong>Telefone: <\/strong>(35) 3629-6418<br>\n<strong>Facebook: <\/strong><a href=\"https:\/\/www.facebook.com\/nossavozitajuba\">https:\/\/www.facebook.com\/nossavozitajuba<\/a><br>\n<strong>Instagram: <\/strong><a href=\"https:\/\/www.instagram.com\/nossavozitajuba\/\">https:\/\/www.instagram.com\/nossavozitajuba\/<\/a><br>\n<strong>E-mail: <\/strong>coletivonossavoz@itajuba.cam.mg.gov.br\t\t\t\t\t\t<\/div>\n\t\t\t\t<\/div>\n\t\t\t\t<div class=\"elementor-element elementor-element-8dbd226 elementor-align-left elementor-widget elementor-widget-button\" data-id=\"8dbd226\" data-element_type=\"widget\" data-widget_type=\"button.default\">\n\t\t\t\t<div class=\"elementor-widget-container\">\n\t\t\t\t\t<div class=\"elementor-button-wrapper\">\n\t\t\t<a class=\"elementor-button elementor-button-link elementor-size-xs elementor-animation-shrink\" href=\"https:\/\/consulta.siscam.com.br\/camaraitajuba\/Vereadores\/Contagem\/881\" target=\"_blank\">\n\t\t\t\t\t\t<span class=\"elementor-button-content-wrapper\">\n\t\t\t\t\t\t<span class=\"elementor-button-icon elementor-align-icon-left\">\n\t\t\t\t<i aria-hidden=\"true\" class=\"fas fa-archive\"><\/i>\t\t\t<\/span>\n\t\t\t\t\t\t<span class=\"elementor-button-text\">Produ\u00e7\u00e3o Legislativa do Vereador<\/span>\n\t\t<\/span>\n\t\t\t\t\t<\/a>\n\t\t<\/div>\n\t\t\t\t<\/div>\n\t\t\t\t<\/div>\n\t\t\t\t\t<\/div>\n\t\t<\/div>\n\t\t\t\t\t\t\t<\/div>\n\t\t<\/section>\n\t\t\t\t<section class=\"elementor-section elementor-top-section elementor-element elementor-element-741d1544 elementor-section-boxed elementor-section-height-default elementor-section-height-default\" data-id=\"741d1544\" data-element_type=\"section\">\n\t\t\t\t\t\t<div class=\"elementor-container elementor-column-gap-default\">\n\t\t\t\t\t<div class=\"elementor-column elementor-col-100 elementor-top-column elementor-element elementor-element-4d68e036\" data-id=\"4d68e036\" data-element_type=\"column\">\n\t\t\t<div class=\"elementor-widget-wrap elementor-element-populated\">\n\t\t\t\t\t\t\t\t<div class=\"elementor-element elementor-element-7c3c9ec3 elementor-widget elementor-widget-heading\" data-id=\"7c3c9ec3\" data-element_type=\"widget\" data-widget_type=\"heading.default\">\n\t\t\t\t<div class=\"elementor-widget-container\">\n\t\t\t<style>\/*! elementor - v3.16.0 - 13-09-2023 *\/\n.elementor-heading-title{padding:0;margin:0;line-height:1}.elementor-widget-heading .elementor-heading-title[class*=elementor-size-]>a{color:inherit;font-size:inherit;line-height:inherit}.elementor-widget-heading .elementor-heading-title.elementor-size-small{font-size:15px}.elementor-widget-heading .elementor-heading-title.elementor-size-medium{font-size:19px}.elementor-widget-heading .elementor-heading-title.elementor-size-large{font-size:29px}.elementor-widget-heading .elementor-heading-title.elementor-size-xl{font-size:39px}.elementor-widget-heading .elementor-heading-title.elementor-size-xxl{font-size:59px}<\/style><h4 class=\"elementor-heading-title elementor-size-default\">BIOGRAFIA<\/h4>\t\t<\/div>\n\t\t\t\t<\/div>\n\t\t\t\t<div class=\"elementor-element elementor-element-1b8b86dd elementor-widget elementor-widget-text-editor\" data-id=\"1b8b86dd\" data-element_type=\"widget\" data-widget_type=\"text-editor.default\">\n\t\t\t\t<div class=\"elementor-widget-container\">\n\t\t\t\t\t\t\t<p>Andressa Daiany da Silva Arantes \u00e9 enfermeira e professora. Itajubense, morou a maior parte da vida no bairro Cantina (Santa Rita de C\u00e1ssia), onde p\u00f4de fazer muitos amigos e se envolver em atividades e apresenta\u00e7\u00f5es teatrais na igreja local. Atualmente, mora no bairro Santa Rosa com seu querido marido Fabr\u00edcio e com os doguinhos arteiros\/fofos\/comil\u00f5es Cookie, Cacau e Romeo.<\/p><p>Sua trajet\u00f3ria pode ser resumida em cinco pontos principais:<\/p><p>PAI EDMILSON: Seu maior exemplo de honestidade e for\u00e7a! Al\u00e9m de ter lhe dado muito amor, sempre a incentivou a lutar pelos seus sonhos, e estudar foi um deles. \u201cNa alegria ou na dor, quero ser como o papai, um homem trabalhador!\u201d. Apesar de ter se tornado pai muito novo e trabalhar em f\u00e1bricas desde os 16 anos, ele sempre esteve presente em absolutamente todos os momentos da sua vida. Dele tamb\u00e9m herdou suas melhores qualidades \u2013 esp\u00edrito de lideran\u00e7a, responsabilidade, proatividade, criatividade, disposi\u00e7\u00e3o para ajudar os outros, dentre outras.<\/p><p>C\u00c2MARA DE VEREADORES MIRINS: Com apenas 13 anos, foi eleita pelos seus colegas da Escola Estadual Jo\u00e3o XXIII e p\u00f4de represent\u00e1-los na C\u00e2mara de Vereadores Mirins de Itajub\u00e1. O mandato foi de um ano (2007 a 2008) e nos primeiros 6 meses foi eleita presidenta da C\u00e2mara pelos demais vereadores mirins e j\u00e1 defendia a import\u00e2ncia da representatividade jovem. Com o aux\u00edlio dos colegas e professoras da escola, propunha projetos na \u00e1rea da sa\u00fade e na \u00e1rea ambiental.<\/p><p>ENFERMAGEM \/ LICENCIATURA: Fez bacharelado em Enfermagem pela FWB e durante a sua forma\u00e7\u00e3o, participou voluntariamente de trabalhos sociais e desenvolveu pesquisas de inicia\u00e7\u00e3o cient\u00edfica. Tamb\u00e9m foi membro e presidente da Liga de Fisiologia em Enfermagem. Teve a oportunidade de se envolver em atividades diversas: monitorias, palestras, cursos e organiza\u00e7\u00e3o de eventos. Essas experi\u00eancias a fizeram enxergar que o seu caminho estava na educa\u00e7\u00e3o. Ent\u00e3o, foi para a licenciatura em Ci\u00eancias Biol\u00f3gicas (UNIFEI), e al\u00e9m de conhecer pessoas incr\u00edveis, participou de grupos de pesquisas de inclus\u00e3o e educa\u00e7\u00e3o ambiental.<\/p><p>MESTRADO \/ PROJETOS \/ ATUA\u00c7\u00c3O COMO PROFESSORA: Agora, mestre em Educa\u00e7\u00e3o em Ci\u00eancias e atuando como professora de Ci\u00eancias e Biologia pensa em aprender e se aperfei\u00e7oar ainda mais nessa \u00e1rea e continuar contribuindo para a forma\u00e7\u00e3o de outros professores. Acredita que \u00e9, e deseja continuar sendo, uma professora eficiente, dedicada e comprometida com os objetivos que envolvem a aprendizagem e o desenvolvimento dos alunos. Ensina, aprende, contagia, \u00e9 contagiada! Ama tamb\u00e9m compartilhar com os demais professores as experi\u00eancias de uma atua\u00e7\u00e3o humanizada e coerente, seguindo sempre o exemplo dos excelentes professores que encontrou pelo seu caminho.<\/p><p>LUTAS: Durante a sua forma\u00e7\u00e3o, j\u00e1 se preocupava e defendia a busca pela valoriza\u00e7\u00e3o dos profissionais da educa\u00e7\u00e3o e a sa\u00fade dos mesmos. Mas, de 2018 em diante p\u00f4de contribuir mais ativamente nas mobiliza\u00e7\u00f5es contra o enganoso Escola sem (?) Partido. Representou os professores na C\u00e2mara Municipal e emitiu uma fala em favor da educa\u00e7\u00e3o de qualidade, inclusiva e democr\u00e1tica. \u201cDefender a sa\u00fade e a educa\u00e7\u00e3o s\u00e3o minhas, e devem ser nossas, prioridades!\u201d<\/p>\t\t\t\t\t\t<\/div>\n\t\t\t\t<\/div>\n\t\t\t\t\t<\/div>\n\t\t<\/div>\n\t\t\t\t\t\t\t<\/div>\n\t\t<\/section>\n\t\t\t\t<section class=\"elementor-section elementor-top-section elementor-element elementor-element-2c05d2a3 elementor-section-boxed elementor-section-height-default elementor-section-height-default\" data-id=\"2c05d2a3\" data-element_type=\"section\">\n\t\t\t\t\t\t<div class=\"elementor-container elementor-column-gap-default\">\n\t\t\t\t\t<div class=\"elementor-column elementor-col-100 elementor-top-column elementor-element elementor-element-26490c92\" data-id=\"26490c92\" data-element_type=\"column\">\n\t\t\t<div class=\"elementor-widget-wrap elementor-element-populated\">\n\t\t\t\t\t\t\t\t<div class=\"elementor-element elementor-element-19d8530 elementor-widget elementor-widget-heading\" data-id=\"19d8530\" data-element_type=\"widget\" data-widget_type=\"heading.default\">\n\t\t\t\t<div class=\"elementor-widget-container\">\n\t\t\t<h4 class=\"elementor-heading-title elementor-size-default\">NOT\u00cdCIAS<\/h4>\t\t<\/div>\n\t\t\t\t<\/div>\n\t\t\t\t\t<\/div>\n\t\t<\/div>\n\t\t\t\t\t\t\t<\/div>\n\t\t<\/section>\n\t\t\t\t<section class=\"elementor-section elementor-top-section elementor-element elementor-element-6917974e elementor-section-boxed elementor-section-height-default elementor-section-height-default\" data-id=\"6917974e\" data-element_type=\"section\">\n\t\t\t\t\t\t<div class=\"elementor-container elementor-column-gap-default\">\n\t\t\t\t\t<div class=\"elementor-column elementor-col-100 elementor-top-column elementor-element elementor-element-1003d18e\" data-id=\"1003d18e\" data-element_type=\"column\">\n\t\t\t<div class=\"elementor-widget-wrap elementor-element-populated\">\n\t\t\t\t\t\t\t\t<div class=\"elementor-element elementor-element-1127a14c elementor-widget elementor-widget-spacer\" data-id=\"1127a14c\" data-element_type=\"widget\" data-widget_type=\"spacer.default\">\n\t\t\t\t<div class=\"elementor-widget-container\">\n\t\t\t<style>\/*! elementor - v3.16.0 - 13-09-2023 *\/\n.elementor-column .elementor-spacer-inner{height:var(--spacer-size)}.e-con{--container-widget-width:100%}.e-con-inner>.elementor-widget-spacer,.e-con>.elementor-widget-spacer{width:var(--container-widget-width,var(--spacer-size));--align-self:var(--container-widget-align-self,initial);--flex-shrink:0}.e-con-inner>.elementor-widget-spacer>.elementor-widget-container,.e-con>.elementor-widget-spacer>.elementor-widget-container{height:100%;width:100%}.e-con-inner>.elementor-widget-spacer>.elementor-widget-container>.elementor-spacer,.e-con>.elementor-widget-spacer>.elementor-widget-container>.elementor-spacer{height:100%}.e-con-inner>.elementor-widget-spacer>.elementor-widget-container>.elementor-spacer>.elementor-spacer-inner,.e-con>.elementor-widget-spacer>.elementor-widget-container>.elementor-spacer>.elementor-spacer-inner{height:var(--container-widget-height,var(--spacer-size))}.e-con-inner>.elementor-widget-spacer.elementor-widget-empty,.e-con>.elementor-widget-spacer.elementor-widget-empty{position:relative;min-height:22px;min-width:22px}.e-con-inner>.elementor-widget-spacer.elementor-widget-empty .elementor-widget-empty-icon,.e-con>.elementor-widget-spacer.elementor-widget-empty .elementor-widget-empty-icon{position:absolute;top:0;bottom:0;left:0;right:0;margin:auto;padding:0;width:22px;height:22px}<\/style>\t\t<div class=\"elementor-spacer\">\n\t\t\t<div class=\"elementor-spacer-inner\"><\/div>\n\t\t<\/div>\n\t\t\t\t<\/div>\n\t\t\t\t<\/div>\n\t\t\t\t\t<\/div>\n\t\t<\/div>\n\t\t\t\t\t\t\t<\/div>\n\t\t<\/section>\n\t\t\t\t\t\t\t<\/div>\n\t\t","protected":false},"excerpt":{"rendered":"<p>Nome Completo: Andressa Daiany da Silva Arantes Partido Pol\u00edtico: PT Telefone: (35) 3629-6418 Facebook: https:\/\/www.facebook.com\/nossavozitajuba Instagram: https:\/\/www.instagram.com\/nossavozitajuba\/ E-mail: coletivonossavoz@itajuba.cam.mg.gov.br Produ\u00e7\u00e3o Legislativa do Vereador BIOGRAFIA Andressa Daiany da Silva Arantes \u00e9 enfermeira e professora. Itajubense, morou a maior parte da vida no bairro Cantina (Santa Rita de C\u00e1ssia), onde p\u00f4de fazer muitos amigos e se envolver [&hellip;]<\/p>\n","protected":false},"author":1,"featured_media":0,"parent":0,"menu_order":0,"comment_status":"closed","ping_status":"closed","template":"","meta":{"footnotes":""},"class_list":["post-5368","page","type-page","status-publish","hentry"],"yoast_head":"<!-- This site is optimized with the Yoast SEO plugin v21.0 - https:\/\/yoast.com\/wordpress\/plugins\/seo\/ -->\n<title>Andressa do Coletivo - C\u00e2mara Municipal de Itajub\u00e1<\/title>\n<meta name=\"robots\" content=\"index, follow, max-snippet:-1, max-image-preview:large, max-video-preview:-1\" \/>\n<link rel=\"canonical\" href=\"https:\/\/itajuba.cam.mg.gov.br\/site\/andressa-do-coletivo\/\" \/>\n<meta property=\"og:locale\" content=\"pt_BR\" \/>\n<meta property=\"og:type\" content=\"article\" \/>\n<meta property=\"og:title\" content=\"Andressa do Coletivo - C\u00e2mara Municipal de Itajub\u00e1\" \/>\n<meta property=\"og:description\" content=\"Nome Completo: Andressa Daiany da Silva Arantes Partido Pol\u00edtico: PT Telefone: (35) 3629-6418 Facebook: https:\/\/www.facebook.com\/nossavozitajuba Instagram: https:\/\/www.instagram.com\/nossavozitajuba\/ E-mail: coletivonossavoz@itajuba.cam.mg.gov.br Produ\u00e7\u00e3o Legislativa do Vereador BIOGRAFIA Andressa Daiany da Silva Arantes \u00e9 enfermeira e professora. Itajubense, morou a maior parte da vida no bairro Cantina (Santa Rita de C\u00e1ssia), onde p\u00f4de fazer muitos amigos e se envolver [&hellip;]\" \/>\n<meta property=\"og:url\" content=\"https:\/\/itajuba.cam.mg.gov.br\/site\/andressa-do-coletivo\/\" \/>\n<meta property=\"og:site_name\" content=\"C\u00e2mara Municipal de Itajub\u00e1\" \/>\n<meta property=\"article:publisher\" content=\"https:\/\/www.facebook.com\/camaradeitajubaoficial\" \/>\n<meta property=\"article:modified_time\" content=\"2023-10-24T15:50:06+00:00\" \/>\n<meta property=\"og:image\" content=\"https:\/\/itajuba.cam.mg.gov.br\/site\/wp-content\/uploads\/2023\/10\/andressa-Custom.png\" \/>\n<meta name=\"twitter:card\" content=\"summary_large_image\" \/>\n<meta name=\"twitter:label1\" content=\"Est. tempo de leitura\" \/>\n\t<meta name=\"twitter:data1\" content=\"4 minutos\" \/>\n<script type=\"application\/ld+json\" class=\"yoast-schema-graph\">{\"@context\":\"https:\/\/schema.org\",\"@graph\":[{\"@type\":\"WebPage\",\"@id\":\"https:\/\/itajuba.cam.mg.gov.br\/site\/andressa-do-coletivo\/\",\"url\":\"https:\/\/itajuba.cam.mg.gov.br\/site\/andressa-do-coletivo\/\",\"name\":\"Andressa do Coletivo - C\u00e2mara Municipal de Itajub\u00e1\",\"isPartOf\":{\"@id\":\"https:\/\/itajuba.cam.mg.gov.br\/site\/#website\"},\"datePublished\":\"2023-09-14T19:32:45+00:00\",\"dateModified\":\"2023-10-24T15:50:06+00:00\",\"breadcrumb\":{\"@id\":\"https:\/\/itajuba.cam.mg.gov.br\/site\/andressa-do-coletivo\/#breadcrumb\"},\"inLanguage\":\"pt-BR\",\"potentialAction\":[{\"@type\":\"ReadAction\",\"target\":[\"https:\/\/itajuba.cam.mg.gov.br\/site\/andressa-do-coletivo\/\"]}]},{\"@type\":\"BreadcrumbList\",\"@id\":\"https:\/\/itajuba.cam.mg.gov.br\/site\/andressa-do-coletivo\/#breadcrumb\",\"itemListElement\":[{\"@type\":\"ListItem\",\"position\":1,\"name\":\"In\u00edcio\",\"item\":\"https:\/\/itajuba.cam.mg.gov.br\/site\/\"},{\"@type\":\"ListItem\",\"position\":2,\"name\":\"Andressa do Coletivo\"}]},{\"@type\":\"WebSite\",\"@id\":\"https:\/\/itajuba.cam.mg.gov.br\/site\/#website\",\"url\":\"https:\/\/itajuba.cam.mg.gov.br\/site\/\",\"name\":\"C\u00e2mara Municipal de Itajub\u00e1\",\"description\":\"Efici\u00eancia e Transpar\u00eancia\",\"publisher\":{\"@id\":\"https:\/\/itajuba.cam.mg.gov.br\/site\/#organization\"},\"potentialAction\":[{\"@type\":\"SearchAction\",\"target\":{\"@type\":\"EntryPoint\",\"urlTemplate\":\"https:\/\/itajuba.cam.mg.gov.br\/site\/?s={search_term_string}\"},\"query-input\":\"required name=search_term_string\"}],\"inLanguage\":\"pt-BR\"},{\"@type\":\"Organization\",\"@id\":\"https:\/\/itajuba.cam.mg.gov.br\/site\/#organization\",\"name\":\"C\u00e2mara Municipal de Itajub\u00e1\",\"url\":\"https:\/\/itajuba.cam.mg.gov.br\/site\/\",\"logo\":{\"@type\":\"ImageObject\",\"inLanguage\":\"pt-BR\",\"@id\":\"https:\/\/itajuba.cam.mg.gov.br\/site\/#\/schema\/logo\/image\/\",\"url\":\"https:\/\/itajuba.cam.mg.gov.br\/site\/wp-content\/uploads\/2023\/09\/logo_camara_2024.png\",\"contentUrl\":\"https:\/\/itajuba.cam.mg.gov.br\/site\/wp-content\/uploads\/2023\/09\/logo_camara_2024.png\",\"width\":1000,\"height\":385,\"caption\":\"C\u00e2mara Municipal de Itajub\u00e1\"},\"image\":{\"@id\":\"https:\/\/itajuba.cam.mg.gov.br\/site\/#\/schema\/logo\/image\/\"},\"sameAs\":[\"https:\/\/www.facebook.com\/camaradeitajubaoficial\",\"https:\/\/www.instagram.com\/camaradeitajubaoficial\/\",\"https:\/\/www.youtube.com\/user\/TVCAMARAITAJUBA\"]}]}<\/script>\n<!-- \/ Yoast SEO plugin. -->","yoast_head_json":{"title":"Andressa do Coletivo - C\u00e2mara Municipal de Itajub\u00e1","robots":{"index":"index","follow":"follow","max-snippet":"max-snippet:-1","max-image-preview":"max-image-preview:large","max-video-preview":"max-video-preview:-1"},"canonical":"https:\/\/itajuba.cam.mg.gov.br\/site\/andressa-do-coletivo\/","og_locale":"pt_BR","og_type":"article","og_title":"Andressa do Coletivo - C\u00e2mara Municipal de Itajub\u00e1","og_description":"Nome Completo: Andressa Daiany da Silva Arantes Partido Pol\u00edtico: PT Telefone: (35) 3629-6418 Facebook: https:\/\/www.facebook.com\/nossavozitajuba Instagram: https:\/\/www.instagram.com\/nossavozitajuba\/ E-mail: coletivonossavoz@itajuba.cam.mg.gov.br Produ\u00e7\u00e3o Legislativa do Vereador BIOGRAFIA Andressa Daiany da Silva Arantes \u00e9 enfermeira e professora. Itajubense, morou a maior parte da vida no bairro Cantina (Santa Rita de C\u00e1ssia), onde p\u00f4de fazer muitos amigos e se envolver [&hellip;]","og_url":"https:\/\/itajuba.cam.mg.gov.br\/site\/andressa-do-coletivo\/","og_site_name":"C\u00e2mara Municipal de Itajub\u00e1","article_publisher":"https:\/\/www.facebook.com\/camaradeitajubaoficial","article_modified_time":"2023-10-24T15:50:06+00:00","og_image":[{"url":"https:\/\/itajuba.cam.mg.gov.br\/site\/wp-content\/uploads\/2023\/10\/andressa-Custom.png"}],"twitter_card":"summary_large_image","twitter_misc":{"Est. tempo de leitura":"4 minutos"},"schema":{"@context":"https:\/\/schema.org","@graph":[{"@type":"WebPage","@id":"https:\/\/itajuba.cam.mg.gov.br\/site\/andressa-do-coletivo\/","url":"https:\/\/itajuba.cam.mg.gov.br\/site\/andressa-do-coletivo\/","name":"Andressa do Coletivo - C\u00e2mara Municipal de Itajub\u00e1","isPartOf":{"@id":"https:\/\/itajuba.cam.mg.gov.br\/site\/#website"},"datePublished":"2023-09-14T19:32:45+00:00","dateModified":"2023-10-24T15:50:06+00:00","breadcrumb":{"@id":"https:\/\/itajuba.cam.mg.gov.br\/site\/andressa-do-coletivo\/#breadcrumb"},"inLanguage":"pt-BR","potentialAction":[{"@type":"ReadAction","target":["https:\/\/itajuba.cam.mg.gov.br\/site\/andressa-do-coletivo\/"]}]},{"@type":"BreadcrumbList","@id":"https:\/\/itajuba.cam.mg.gov.br\/site\/andressa-do-coletivo\/#breadcrumb","itemListElement":[{"@type":"ListItem","position":1,"name":"In\u00edcio","item":"https:\/\/itajuba.cam.mg.gov.br\/site\/"},{"@type":"ListItem","position":2,"name":"Andressa do Coletivo"}]},{"@type":"WebSite","@id":"https:\/\/itajuba.cam.mg.gov.br\/site\/#website","url":"https:\/\/itajuba.cam.mg.gov.br\/site\/","name":"C\u00e2mara Municipal de Itajub\u00e1","description":"Efici\u00eancia e Transpar\u00eancia","publisher":{"@id":"https:\/\/itajuba.cam.mg.gov.br\/site\/#organization"},"potentialAction":[{"@type":"SearchAction","target":{"@type":"EntryPoint","urlTemplate":"https:\/\/itajuba.cam.mg.gov.br\/site\/?s={search_term_string}"},"query-input":"required name=search_term_string"}],"inLanguage":"pt-BR"},{"@type":"Organization","@id":"https:\/\/itajuba.cam.mg.gov.br\/site\/#organization","name":"C\u00e2mara Municipal de Itajub\u00e1","url":"https:\/\/itajuba.cam.mg.gov.br\/site\/","logo":{"@type":"ImageObject","inLanguage":"pt-BR","@id":"https:\/\/itajuba.cam.mg.gov.br\/site\/#\/schema\/logo\/image\/","url":"https:\/\/itajuba.cam.mg.gov.br\/site\/wp-content\/uploads\/2023\/09\/logo_camara_2024.png","contentUrl":"https:\/\/itajuba.cam.mg.gov.br\/site\/wp-content\/uploads\/2023\/09\/logo_camara_2024.png","width":1000,"height":385,"caption":"C\u00e2mara Municipal de Itajub\u00e1"},"image":{"@id":"https:\/\/itajuba.cam.mg.gov.br\/site\/#\/schema\/logo\/image\/"},"sameAs":["https:\/\/www.facebook.com\/camaradeitajubaoficial","https:\/\/www.instagram.com\/camaradeitajubaoficial\/","https:\/\/www.youtube.com\/user\/TVCAMARAITAJUBA"]}]}},"_links":{"self":[{"href":"https:\/\/itajuba.cam.mg.gov.br\/site\/wp-json\/wp\/v2\/pages\/5368","targetHints":{"allow":["GET"]}}],"collection":[{"href":"https:\/\/itajuba.cam.mg.gov.br\/site\/wp-json\/wp\/v2\/pages"}],"about":[{"href":"https:\/\/itajuba.cam.mg.gov.br\/site\/wp-json\/wp\/v2\/types\/page"}],"author":[{"embeddable":true,"href":"https:\/\/itajuba.cam.mg.gov.br\/site\/wp-json\/wp\/v2\/users\/1"}],"replies":[{"embeddable":true,"href":"https:\/\/itajuba.cam.mg.gov.br\/site\/wp-json\/wp\/v2\/comments?post=5368"}],"version-history":[{"count":22,"href":"https:\/\/itajuba.cam.mg.gov.br\/site\/wp-json\/wp\/v2\/pages\/5368\/revisions"}],"predecessor-version":[{"id":7671,"href":"https:\/\/itajuba.cam.mg.gov.br\/site\/wp-json\/wp\/v2\/pages\/5368\/revisions\/7671"}],"wp:attachment":[{"href":"https:\/\/itajuba.cam.mg.gov.br\/site\/wp-json\/wp\/v2\/media?parent=5368"}],"curies":[{"name":"wp","href":"https:\/\/api.w.org\/{rel}","templated":true}]}}