{"id":5805,"date":"2023-09-17T22:34:51","date_gmt":"2023-09-17T22:34:51","guid":{"rendered":"https:\/\/itajuba.cam.mg.gov.br\/site\/?page_id=5805"},"modified":"2023-10-23T00:38:40","modified_gmt":"2023-10-23T00:38:40","slug":"escola-do-legislativo","status":"publish","type":"page","link":"https:\/\/itajuba.cam.mg.gov.br\/site\/escola-do-legislativo\/","title":{"rendered":"Escola do Legislativo"},"content":{"rendered":"\t\t<div data-elementor-type=\"wp-page\" data-elementor-id=\"5805\" class=\"elementor elementor-5805\" data-elementor-post-type=\"page\">\n\t\t\t\t\t\t\t\t\t<section class=\"elementor-section elementor-top-section elementor-element elementor-element-a858935 elementor-section-boxed elementor-section-height-default elementor-section-height-default\" data-id=\"a858935\" data-element_type=\"section\">\n\t\t\t\t\t\t<div class=\"elementor-container elementor-column-gap-default\">\n\t\t\t\t\t<div class=\"elementor-column elementor-col-100 elementor-top-column elementor-element elementor-element-f4d2272\" data-id=\"f4d2272\" data-element_type=\"column\">\n\t\t\t<div class=\"elementor-widget-wrap elementor-element-populated\">\n\t\t\t\t\t\t\t\t<div class=\"elementor-element elementor-element-16c49c6 elementor-nav-menu__align-center elementor-nav-menu--dropdown-tablet elementor-nav-menu__text-align-aside elementor-nav-menu--toggle elementor-nav-menu--burger elementor-widget elementor-widget-global elementor-global-7460 elementor-widget-nav-menu\" data-id=\"16c49c6\" data-element_type=\"widget\" data-settings=\"{&quot;layout&quot;:&quot;horizontal&quot;,&quot;submenu_icon&quot;:{&quot;value&quot;:&quot;fas fa-caret-down&quot;,&quot;library&quot;:&quot;fa-solid&quot;},&quot;toggle&quot;:&quot;burger&quot;}\" data-widget_type=\"nav-menu.default\">\n\t\t\t\t<div class=\"elementor-widget-container\">\n\t\t\t<link rel=\"stylesheet\" href=\"https:\/\/itajuba.cam.mg.gov.br\/site\/wp-content\/plugins\/elementor-pro\/assets\/css\/widget-nav-menu.min.css\">\t\t\t<nav class=\"elementor-nav-menu--main elementor-nav-menu__container elementor-nav-menu--layout-horizontal e--pointer-underline e--animation-fade\">\n\t\t\t\t<ul id=\"menu-1-16c49c6\" class=\"elementor-nav-menu\"><li class=\"menu-item menu-item-type-custom menu-item-object-custom menu-item-7451\"><a href=\"https:\/\/itajuba.cam.mg.gov.br\/site\/escola-do-legislativo\/\" class=\"elementor-item\">A Escola<\/a><\/li>\n<li class=\"menu-item menu-item-type-custom menu-item-object-custom menu-item-7452\"><a href=\"https:\/\/itajuba.cam.mg.gov.br\/site\/escola-do-legislativo\/escola-do-legislativo-legislacao\/\" class=\"elementor-item\">Legisla\u00e7\u00e3o<\/a><\/li>\n<li class=\"menu-item menu-item-type-custom menu-item-object-custom menu-item-7453\"><a href=\"https:\/\/itajuba.cam.mg.gov.br\/site\/escola-do-legislativo\/escola-do-legislativo-eixos-tematicos\/\" class=\"elementor-item\">Eixos Tem\u00e1ticos<\/a><\/li>\n<li class=\"menu-item menu-item-type-custom menu-item-object-custom menu-item-7454\"><a href=\"https:\/\/itajuba.cam.mg.gov.br\/site\/escola-do-legislativo\/escola-do-legislativo-equipe\/\" class=\"elementor-item\">Equipe<\/a><\/li>\n<li class=\"menu-item menu-item-type-custom menu-item-object-custom menu-item-7455\"><a href=\"https:\/\/itajuba.cam.mg.gov.br\/site\/projetos-escola-do-legislativo\/\" class=\"elementor-item\">Projetos<\/a><\/li>\n<li class=\"menu-item menu-item-type-custom menu-item-object-custom menu-item-7456\"><a href=\"https:\/\/itajuba.cam.mg.gov.br\/site\/escola-do-legislativo\/escola-do-legislativo-contato\/\" class=\"elementor-item\">Contatos<\/a><\/li>\n<\/ul>\t\t\t<\/nav>\n\t\t\t\t\t<div class=\"elementor-menu-toggle\" role=\"button\" tabindex=\"0\" aria-label=\"Alternar menu\" aria-expanded=\"false\">\n\t\t\t<i aria-hidden=\"true\" role=\"presentation\" class=\"elementor-menu-toggle__icon--open eicon-menu-bar\"><\/i><i aria-hidden=\"true\" role=\"presentation\" class=\"elementor-menu-toggle__icon--close eicon-close\"><\/i>\t\t\t<span class=\"elementor-screen-only\">Menu<\/span>\n\t\t<\/div>\n\t\t\t\t\t<nav class=\"elementor-nav-menu--dropdown elementor-nav-menu__container\" aria-hidden=\"true\">\n\t\t\t\t<ul id=\"menu-2-16c49c6\" class=\"elementor-nav-menu\"><li class=\"menu-item menu-item-type-custom menu-item-object-custom menu-item-7451\"><a href=\"https:\/\/itajuba.cam.mg.gov.br\/site\/escola-do-legislativo\/\" class=\"elementor-item\" tabindex=\"-1\">A Escola<\/a><\/li>\n<li class=\"menu-item menu-item-type-custom menu-item-object-custom menu-item-7452\"><a href=\"https:\/\/itajuba.cam.mg.gov.br\/site\/escola-do-legislativo\/escola-do-legislativo-legislacao\/\" class=\"elementor-item\" tabindex=\"-1\">Legisla\u00e7\u00e3o<\/a><\/li>\n<li class=\"menu-item menu-item-type-custom menu-item-object-custom menu-item-7453\"><a href=\"https:\/\/itajuba.cam.mg.gov.br\/site\/escola-do-legislativo\/escola-do-legislativo-eixos-tematicos\/\" class=\"elementor-item\" tabindex=\"-1\">Eixos Tem\u00e1ticos<\/a><\/li>\n<li class=\"menu-item menu-item-type-custom menu-item-object-custom menu-item-7454\"><a href=\"https:\/\/itajuba.cam.mg.gov.br\/site\/escola-do-legislativo\/escola-do-legislativo-equipe\/\" class=\"elementor-item\" tabindex=\"-1\">Equipe<\/a><\/li>\n<li class=\"menu-item menu-item-type-custom menu-item-object-custom menu-item-7455\"><a href=\"https:\/\/itajuba.cam.mg.gov.br\/site\/projetos-escola-do-legislativo\/\" class=\"elementor-item\" tabindex=\"-1\">Projetos<\/a><\/li>\n<li class=\"menu-item menu-item-type-custom menu-item-object-custom menu-item-7456\"><a href=\"https:\/\/itajuba.cam.mg.gov.br\/site\/escola-do-legislativo\/escola-do-legislativo-contato\/\" class=\"elementor-item\" tabindex=\"-1\">Contatos<\/a><\/li>\n<\/ul>\t\t\t<\/nav>\n\t\t\t\t<\/div>\n\t\t\t\t<\/div>\n\t\t\t\t\t<\/div>\n\t\t<\/div>\n\t\t\t\t\t\t\t<\/div>\n\t\t<\/section>\n\t\t\t\t<section class=\"elementor-section elementor-top-section elementor-element elementor-element-40b9da9 elementor-section-boxed elementor-section-height-default elementor-section-height-default\" data-id=\"40b9da9\" data-element_type=\"section\">\n\t\t\t\t\t\t<div class=\"elementor-container elementor-column-gap-default\">\n\t\t\t\t\t<div class=\"elementor-column elementor-col-50 elementor-top-column elementor-element elementor-element-df20230\" data-id=\"df20230\" data-element_type=\"column\">\n\t\t\t<div class=\"elementor-widget-wrap elementor-element-populated\">\n\t\t\t\t\t\t\t\t<div class=\"elementor-element elementor-element-740c90a elementor-widget elementor-widget-image\" data-id=\"740c90a\" data-element_type=\"widget\" data-widget_type=\"image.default\">\n\t\t\t\t<div class=\"elementor-widget-container\">\n\t\t\t<style>\/*! elementor - v3.16.0 - 13-09-2023 *\/\n.elementor-widget-image{text-align:center}.elementor-widget-image a{display:inline-block}.elementor-widget-image a img[src$=\".svg\"]{width:48px}.elementor-widget-image img{vertical-align:middle;display:inline-block}<\/style>\t\t\t\t\t\t\t\t\t\t\t\t<img loading=\"lazy\" decoding=\"async\" width=\"300\" height=\"633\" src=\"https:\/\/itajuba.cam.mg.gov.br\/site\/wp-content\/uploads\/2023\/10\/totem-escola.png\" class=\"attachment-large size-large wp-image-7463\" alt=\"\" srcset=\"https:\/\/itajuba.cam.mg.gov.br\/site\/wp-content\/uploads\/2023\/10\/totem-escola.png 300w, https:\/\/itajuba.cam.mg.gov.br\/site\/wp-content\/uploads\/2023\/10\/totem-escola-142x300.png 142w\" sizes=\"auto, (max-width: 300px) 100vw, 300px\" \/>\t\t\t\t\t\t\t\t\t\t\t\t\t\t\t<\/div>\n\t\t\t\t<\/div>\n\t\t\t\t\t<\/div>\n\t\t<\/div>\n\t\t\t\t<div class=\"elementor-column elementor-col-50 elementor-top-column elementor-element elementor-element-2c338ca\" data-id=\"2c338ca\" data-element_type=\"column\">\n\t\t\t<div class=\"elementor-widget-wrap elementor-element-populated\">\n\t\t\t\t\t\t\t\t<div class=\"elementor-element elementor-element-c2a56c8 elementor-widget elementor-widget-text-editor\" data-id=\"c2a56c8\" data-element_type=\"widget\" data-widget_type=\"text-editor.default\">\n\t\t\t\t<div class=\"elementor-widget-container\">\n\t\t\t<style>\/*! elementor - v3.16.0 - 13-09-2023 *\/\n.elementor-widget-text-editor.elementor-drop-cap-view-stacked .elementor-drop-cap{background-color:#69727d;color:#fff}.elementor-widget-text-editor.elementor-drop-cap-view-framed .elementor-drop-cap{color:#69727d;border:3px solid;background-color:transparent}.elementor-widget-text-editor:not(.elementor-drop-cap-view-default) .elementor-drop-cap{margin-top:8px}.elementor-widget-text-editor:not(.elementor-drop-cap-view-default) .elementor-drop-cap-letter{width:1em;height:1em}.elementor-widget-text-editor .elementor-drop-cap{float:left;text-align:center;line-height:1;font-size:50px}.elementor-widget-text-editor .elementor-drop-cap-letter{display:inline-block}<\/style>\t\t\t\t<p>Criada em 2013 por meio da Resolu\u00e7\u00e3o n\u00ba 946, a Escola do Legislativo Professora Era\u00eddes Rabelo \u00e9 um \u00f3rg\u00e3o da C\u00e2mara Municipal de Itajub\u00e1 que tem a finalidade de estimular o exerc\u00edcio da cidadania e a conscientiza\u00e7\u00e3o pol\u00edtica.<\/p><p>Um dos principais objetivos da Escola \u00e9 promover a aproxima\u00e7\u00e3o da sociedade ao parlamento municipal, principalmente a comunidade estudantil, como forma de colaborar com a realiza\u00e7\u00e3o de atividades parlamentares e pol\u00edticas. Para isso, s\u00e3o desenvolvidos projetos junto aos estudantes de escolas p\u00fablicas e privadas de Itajub\u00e1.<\/p><p>Al\u00e9m do envolvimento com estudantes e a juventude em geral, a Escola do Legislativo Professora Era\u00eddes Rabelo tem como miss\u00e3o capacitar agentes pol\u00edticos e servidores p\u00fablicos em assuntos de interesse pol\u00edtico-institucional, bem como promover a realiza\u00e7\u00e3o de cursos de ambienta\u00e7\u00e3o aos novos Vereadores e assessores parlamentares no in\u00edcio de cada Legislatura.<\/p><p>A Escola do Legislativo tamb\u00e9m busca manter atividades de coopera\u00e7\u00e3o e interc\u00e2mbio com o Poder Legislativo em seus diversos n\u00edveis no Brasil, e com institui\u00e7\u00f5es de ensino e de pesquisa, escolas e universidades, propiciando, entre outras atividades conjuntas, a participa\u00e7\u00e3o de parlamentares, servidores e agentes pol\u00edticos em treinamentos \u00e0 dist\u00e2ncia e a realiza\u00e7\u00e3o de cursos de capacita\u00e7\u00e3o t\u00e9cnica. Tamb\u00e9m visa estimular a pesquisa t\u00e9cnico-acad\u00eamica voltada \u00e0s atividades desenvolvidas pela C\u00e2mara Municipal de Itajub\u00e1, em coopera\u00e7\u00e3o com outras institui\u00e7\u00f5es de ensino. E por meio do Memorial da C\u00e2mara a Escola do Legislativo incentiva a elabora\u00e7\u00e3o, desenvolvimento e realiza\u00e7\u00e3o de projetos na \u00e1rea da hist\u00f3ria e mem\u00f3ria pol\u00edtica do Munic\u00edpio de Itajub\u00e1.<\/p>\t\t\t\t\t\t<\/div>\n\t\t\t\t<\/div>\n\t\t\t\t\t<\/div>\n\t\t<\/div>\n\t\t\t\t\t\t\t<\/div>\n\t\t<\/section>\n\t\t\t\t\t\t\t<\/div>\n\t\t","protected":false},"excerpt":{"rendered":"<p>Criada em 2013 por meio da Resolu\u00e7\u00e3o n\u00ba 946, a Escola do Legislativo Professora Era\u00eddes Rabelo \u00e9 um \u00f3rg\u00e3o da C\u00e2mara Municipal de Itajub\u00e1 que tem a finalidade de estimular o exerc\u00edcio da cidadania e a conscientiza\u00e7\u00e3o pol\u00edtica. Um dos principais objetivos da Escola \u00e9 promover a aproxima\u00e7\u00e3o da sociedade ao parlamento municipal, principalmente a [&hellip;]<\/p>\n","protected":false},"author":1,"featured_media":0,"parent":0,"menu_order":0,"comment_status":"closed","ping_status":"closed","template":"","meta":{"footnotes":""},"class_list":["post-5805","page","type-page","status-publish","hentry"],"yoast_head":"<!-- This site is optimized with the Yoast SEO plugin v21.0 - https:\/\/yoast.com\/wordpress\/plugins\/seo\/ -->\n<title>Escola do Legislativo - C\u00e2mara Municipal de Itajub\u00e1<\/title>\n<meta name=\"robots\" content=\"index, follow, max-snippet:-1, max-image-preview:large, max-video-preview:-1\" \/>\n<link rel=\"canonical\" href=\"https:\/\/itajuba.cam.mg.gov.br\/site\/escola-do-legislativo\/\" \/>\n<meta property=\"og:locale\" content=\"pt_BR\" \/>\n<meta property=\"og:type\" content=\"article\" \/>\n<meta property=\"og:title\" content=\"Escola do Legislativo - C\u00e2mara Municipal de Itajub\u00e1\" \/>\n<meta property=\"og:description\" content=\"Criada em 2013 por meio da Resolu\u00e7\u00e3o n\u00ba 946, a Escola do Legislativo Professora Era\u00eddes Rabelo \u00e9 um \u00f3rg\u00e3o da C\u00e2mara Municipal de Itajub\u00e1 que tem a finalidade de estimular o exerc\u00edcio da cidadania e a conscientiza\u00e7\u00e3o pol\u00edtica. Um dos principais objetivos da Escola \u00e9 promover a aproxima\u00e7\u00e3o da sociedade ao parlamento municipal, principalmente a [&hellip;]\" \/>\n<meta property=\"og:url\" content=\"https:\/\/itajuba.cam.mg.gov.br\/site\/escola-do-legislativo\/\" \/>\n<meta property=\"og:site_name\" content=\"C\u00e2mara Municipal de Itajub\u00e1\" \/>\n<meta property=\"article:publisher\" content=\"https:\/\/www.facebook.com\/camaradeitajubaoficial\" \/>\n<meta property=\"article:modified_time\" content=\"2023-10-23T00:38:40+00:00\" \/>\n<meta property=\"og:image\" content=\"https:\/\/itajuba.cam.mg.gov.br\/site\/wp-content\/uploads\/2023\/10\/totem-escola.png\" \/>\n<meta name=\"twitter:card\" content=\"summary_large_image\" \/>\n<meta name=\"twitter:label1\" content=\"Est. tempo de leitura\" \/>\n\t<meta name=\"twitter:data1\" content=\"2 minutos\" \/>\n<script type=\"application\/ld+json\" class=\"yoast-schema-graph\">{\"@context\":\"https:\/\/schema.org\",\"@graph\":[{\"@type\":\"WebPage\",\"@id\":\"https:\/\/itajuba.cam.mg.gov.br\/site\/escola-do-legislativo\/\",\"url\":\"https:\/\/itajuba.cam.mg.gov.br\/site\/escola-do-legislativo\/\",\"name\":\"Escola do Legislativo - C\u00e2mara Municipal de Itajub\u00e1\",\"isPartOf\":{\"@id\":\"https:\/\/itajuba.cam.mg.gov.br\/site\/#website\"},\"datePublished\":\"2023-09-17T22:34:51+00:00\",\"dateModified\":\"2023-10-23T00:38:40+00:00\",\"breadcrumb\":{\"@id\":\"https:\/\/itajuba.cam.mg.gov.br\/site\/escola-do-legislativo\/#breadcrumb\"},\"inLanguage\":\"pt-BR\",\"potentialAction\":[{\"@type\":\"ReadAction\",\"target\":[\"https:\/\/itajuba.cam.mg.gov.br\/site\/escola-do-legislativo\/\"]}]},{\"@type\":\"BreadcrumbList\",\"@id\":\"https:\/\/itajuba.cam.mg.gov.br\/site\/escola-do-legislativo\/#breadcrumb\",\"itemListElement\":[{\"@type\":\"ListItem\",\"position\":1,\"name\":\"In\u00edcio\",\"item\":\"https:\/\/itajuba.cam.mg.gov.br\/site\/\"},{\"@type\":\"ListItem\",\"position\":2,\"name\":\"Escola do Legislativo\"}]},{\"@type\":\"WebSite\",\"@id\":\"https:\/\/itajuba.cam.mg.gov.br\/site\/#website\",\"url\":\"https:\/\/itajuba.cam.mg.gov.br\/site\/\",\"name\":\"C\u00e2mara Municipal de Itajub\u00e1\",\"description\":\"Efici\u00eancia e Transpar\u00eancia\",\"publisher\":{\"@id\":\"https:\/\/itajuba.cam.mg.gov.br\/site\/#organization\"},\"potentialAction\":[{\"@type\":\"SearchAction\",\"target\":{\"@type\":\"EntryPoint\",\"urlTemplate\":\"https:\/\/itajuba.cam.mg.gov.br\/site\/?s={search_term_string}\"},\"query-input\":\"required name=search_term_string\"}],\"inLanguage\":\"pt-BR\"},{\"@type\":\"Organization\",\"@id\":\"https:\/\/itajuba.cam.mg.gov.br\/site\/#organization\",\"name\":\"C\u00e2mara Municipal de Itajub\u00e1\",\"url\":\"https:\/\/itajuba.cam.mg.gov.br\/site\/\",\"logo\":{\"@type\":\"ImageObject\",\"inLanguage\":\"pt-BR\",\"@id\":\"https:\/\/itajuba.cam.mg.gov.br\/site\/#\/schema\/logo\/image\/\",\"url\":\"https:\/\/itajuba.cam.mg.gov.br\/site\/wp-content\/uploads\/2023\/09\/logo_camara_2024.png\",\"contentUrl\":\"https:\/\/itajuba.cam.mg.gov.br\/site\/wp-content\/uploads\/2023\/09\/logo_camara_2024.png\",\"width\":1000,\"height\":385,\"caption\":\"C\u00e2mara Municipal de Itajub\u00e1\"},\"image\":{\"@id\":\"https:\/\/itajuba.cam.mg.gov.br\/site\/#\/schema\/logo\/image\/\"},\"sameAs\":[\"https:\/\/www.facebook.com\/camaradeitajubaoficial\",\"https:\/\/www.instagram.com\/camaradeitajubaoficial\/\",\"https:\/\/www.youtube.com\/user\/TVCAMARAITAJUBA\"]}]}<\/script>\n<!-- \/ Yoast SEO plugin. -->","yoast_head_json":{"title":"Escola do Legislativo - C\u00e2mara Municipal de Itajub\u00e1","robots":{"index":"index","follow":"follow","max-snippet":"max-snippet:-1","max-image-preview":"max-image-preview:large","max-video-preview":"max-video-preview:-1"},"canonical":"https:\/\/itajuba.cam.mg.gov.br\/site\/escola-do-legislativo\/","og_locale":"pt_BR","og_type":"article","og_title":"Escola do Legislativo - C\u00e2mara Municipal de Itajub\u00e1","og_description":"Criada em 2013 por meio da Resolu\u00e7\u00e3o n\u00ba 946, a Escola do Legislativo Professora Era\u00eddes Rabelo \u00e9 um \u00f3rg\u00e3o da C\u00e2mara Municipal de Itajub\u00e1 que tem a finalidade de estimular o exerc\u00edcio da cidadania e a conscientiza\u00e7\u00e3o pol\u00edtica. Um dos principais objetivos da Escola \u00e9 promover a aproxima\u00e7\u00e3o da sociedade ao parlamento municipal, principalmente a [&hellip;]","og_url":"https:\/\/itajuba.cam.mg.gov.br\/site\/escola-do-legislativo\/","og_site_name":"C\u00e2mara Municipal de Itajub\u00e1","article_publisher":"https:\/\/www.facebook.com\/camaradeitajubaoficial","article_modified_time":"2023-10-23T00:38:40+00:00","og_image":[{"url":"https:\/\/itajuba.cam.mg.gov.br\/site\/wp-content\/uploads\/2023\/10\/totem-escola.png"}],"twitter_card":"summary_large_image","twitter_misc":{"Est. tempo de leitura":"2 minutos"},"schema":{"@context":"https:\/\/schema.org","@graph":[{"@type":"WebPage","@id":"https:\/\/itajuba.cam.mg.gov.br\/site\/escola-do-legislativo\/","url":"https:\/\/itajuba.cam.mg.gov.br\/site\/escola-do-legislativo\/","name":"Escola do Legislativo - C\u00e2mara Municipal de Itajub\u00e1","isPartOf":{"@id":"https:\/\/itajuba.cam.mg.gov.br\/site\/#website"},"datePublished":"2023-09-17T22:34:51+00:00","dateModified":"2023-10-23T00:38:40+00:00","breadcrumb":{"@id":"https:\/\/itajuba.cam.mg.gov.br\/site\/escola-do-legislativo\/#breadcrumb"},"inLanguage":"pt-BR","potentialAction":[{"@type":"ReadAction","target":["https:\/\/itajuba.cam.mg.gov.br\/site\/escola-do-legislativo\/"]}]},{"@type":"BreadcrumbList","@id":"https:\/\/itajuba.cam.mg.gov.br\/site\/escola-do-legislativo\/#breadcrumb","itemListElement":[{"@type":"ListItem","position":1,"name":"In\u00edcio","item":"https:\/\/itajuba.cam.mg.gov.br\/site\/"},{"@type":"ListItem","position":2,"name":"Escola do Legislativo"}]},{"@type":"WebSite","@id":"https:\/\/itajuba.cam.mg.gov.br\/site\/#website","url":"https:\/\/itajuba.cam.mg.gov.br\/site\/","name":"C\u00e2mara Municipal de Itajub\u00e1","description":"Efici\u00eancia e Transpar\u00eancia","publisher":{"@id":"https:\/\/itajuba.cam.mg.gov.br\/site\/#organization"},"potentialAction":[{"@type":"SearchAction","target":{"@type":"EntryPoint","urlTemplate":"https:\/\/itajuba.cam.mg.gov.br\/site\/?s={search_term_string}"},"query-input":"required name=search_term_string"}],"inLanguage":"pt-BR"},{"@type":"Organization","@id":"https:\/\/itajuba.cam.mg.gov.br\/site\/#organization","name":"C\u00e2mara Municipal de Itajub\u00e1","url":"https:\/\/itajuba.cam.mg.gov.br\/site\/","logo":{"@type":"ImageObject","inLanguage":"pt-BR","@id":"https:\/\/itajuba.cam.mg.gov.br\/site\/#\/schema\/logo\/image\/","url":"https:\/\/itajuba.cam.mg.gov.br\/site\/wp-content\/uploads\/2023\/09\/logo_camara_2024.png","contentUrl":"https:\/\/itajuba.cam.mg.gov.br\/site\/wp-content\/uploads\/2023\/09\/logo_camara_2024.png","width":1000,"height":385,"caption":"C\u00e2mara Municipal de Itajub\u00e1"},"image":{"@id":"https:\/\/itajuba.cam.mg.gov.br\/site\/#\/schema\/logo\/image\/"},"sameAs":["https:\/\/www.facebook.com\/camaradeitajubaoficial","https:\/\/www.instagram.com\/camaradeitajubaoficial\/","https:\/\/www.youtube.com\/user\/TVCAMARAITAJUBA"]}]}},"_links":{"self":[{"href":"https:\/\/itajuba.cam.mg.gov.br\/site\/wp-json\/wp\/v2\/pages\/5805","targetHints":{"allow":["GET"]}}],"collection":[{"href":"https:\/\/itajuba.cam.mg.gov.br\/site\/wp-json\/wp\/v2\/pages"}],"about":[{"href":"https:\/\/itajuba.cam.mg.gov.br\/site\/wp-json\/wp\/v2\/types\/page"}],"author":[{"embeddable":true,"href":"https:\/\/itajuba.cam.mg.gov.br\/site\/wp-json\/wp\/v2\/users\/1"}],"replies":[{"embeddable":true,"href":"https:\/\/itajuba.cam.mg.gov.br\/site\/wp-json\/wp\/v2\/comments?post=5805"}],"version-history":[{"count":8,"href":"https:\/\/itajuba.cam.mg.gov.br\/site\/wp-json\/wp\/v2\/pages\/5805\/revisions"}],"predecessor-version":[{"id":16350,"href":"https:\/\/itajuba.cam.mg.gov.br\/site\/wp-json\/wp\/v2\/pages\/5805\/revisions\/16350"}],"wp:attachment":[{"href":"https:\/\/itajuba.cam.mg.gov.br\/site\/wp-json\/wp\/v2\/media?parent=5805"}],"curies":[{"name":"wp","href":"https:\/\/api.w.org\/{rel}","templated":true}]}}