{"id":7220,"date":"2023-10-21T19:05:56","date_gmt":"2023-10-21T19:05:56","guid":{"rendered":"https:\/\/itajuba.cam.mg.gov.br\/site\/?page_id=7220"},"modified":"2023-10-21T19:39:27","modified_gmt":"2023-10-21T19:39:27","slug":"fiscaliza-itajuba-2","status":"publish","type":"page","link":"https:\/\/itajuba.cam.mg.gov.br\/site\/fiscaliza-itajuba-2\/","title":{"rendered":"Fiscaliza Itajub\u00e1"},"content":{"rendered":"\t\t<div data-elementor-type=\"wp-page\" data-elementor-id=\"7220\" class=\"elementor elementor-7220\" data-elementor-post-type=\"page\">\n\t\t\t\t\t\t\t\t\t<section class=\"elementor-section elementor-top-section elementor-element elementor-element-75902c7 elementor-section-boxed elementor-section-height-default elementor-section-height-default\" data-id=\"75902c7\" data-element_type=\"section\">\n\t\t\t\t\t\t<div class=\"elementor-container elementor-column-gap-default\">\n\t\t\t\t\t<div class=\"elementor-column elementor-col-100 elementor-top-column elementor-element elementor-element-51e1bf8\" data-id=\"51e1bf8\" data-element_type=\"column\">\n\t\t\t<div class=\"elementor-widget-wrap elementor-element-populated\">\n\t\t\t\t\t\t\t\t<div class=\"elementor-element elementor-element-211f693 elementor-widget elementor-widget-text-editor\" data-id=\"211f693\" data-element_type=\"widget\" data-widget_type=\"text-editor.default\">\n\t\t\t\t<div class=\"elementor-widget-container\">\n\t\t\t<style>\/*! elementor - v3.16.0 - 13-09-2023 *\/\n.elementor-widget-text-editor.elementor-drop-cap-view-stacked .elementor-drop-cap{background-color:#69727d;color:#fff}.elementor-widget-text-editor.elementor-drop-cap-view-framed .elementor-drop-cap{color:#69727d;border:3px solid;background-color:transparent}.elementor-widget-text-editor:not(.elementor-drop-cap-view-default) .elementor-drop-cap{margin-top:8px}.elementor-widget-text-editor:not(.elementor-drop-cap-view-default) .elementor-drop-cap-letter{width:1em;height:1em}.elementor-widget-text-editor .elementor-drop-cap{float:left;text-align:center;line-height:1;font-size:50px}.elementor-widget-text-editor .elementor-drop-cap-letter{display:inline-block}<\/style>\t\t\t\t<p>O Fiscaliza Itajub\u00e1 \u00e9 um canal de comunica\u00e7\u00e3o on-line, por onde o cidad\u00e3o pode enviar a sua sugest\u00e3o por melhorias no munic\u00edpio para as comiss\u00f5es formadas pelos Vereadores da C\u00e2mara. Cada comiss\u00e3o \u00e9 atuante em uma \u00e1rea, como sa\u00fade, educa\u00e7\u00e3o, meio-ambiente, de forma que as recomenda\u00e7\u00f5es advindas da sociedade civil s\u00e3o encaminhadas para a comiss\u00e3o especifica que vai trabalhar os assuntos por tema.<\/p><p>O que \u00e9 enviado pelo cidad\u00e3o fica registrado no site e semanalmente \u00e9 enviado um relat\u00f3rio para as comiss\u00f5es com as demandas colhidas pela plataforma. Ao receber o relat\u00f3rio, o presidente de cada comiss\u00e3o se re\u00fane com os demais membros para analisar e dirimir as poss\u00edveis a\u00e7\u00f5es cab\u00edveis relativas \u00e0s sugest\u00f5es recebidas, sendo que estas podem vir a ser tornar proposi\u00e7\u00f5es legislativas, como indica\u00e7\u00f5es e requerimentos ao Poder Executivo e \u00e0 outras institui\u00e7\u00f5es ou organiza\u00e7\u00f5es civis.<\/p><p>Se voc\u00ea ficou com alguma d\u00favida sobre o Fiscaliza Itajub\u00e1, <strong><a href=\"https:\/\/itajuba.cam.mg.gov.br\/site\/comissoes\/\">clique aqui<\/a><\/strong> e conhe\u00e7a os trabalhos de cada comiss\u00e3o para saber mais sobre como contribuir com a sua sugest\u00e3o!<\/p><p>Voc\u00ea tamb\u00e9m pode acessar a lei que criou o programa: <a href=\"https:\/\/www.legislacaodigital.com.br\/Itajuba-MG\/Resolucoes\/970\"><strong>Resolu\u00e7\u00e3o N\u00b0 970\/2015<\/strong><\/a><\/p><p>Se j\u00e1 sabe o que encaminhar, preencha o formul\u00e1rio a seguir. Ap\u00f3s o envio ser\u00e1 gerado um n\u00famero de protocolo, que deve ser informado em futuras consultas.<\/p><p>Informamos que ser\u00e3o fornecidos e encaminhados para as comiss\u00f5es e\/ou departamentos espec\u00edficos apenas os elementos contidas nos campos texto, tema e o tipo do coment\u00e1rio. Os dados pessoais, abaixo preenchidos, se destinam \u00fanica e exclusivamente para fins de identifica\u00e7\u00e3o do leg\u00edtimo possuidor, trazendo seguran\u00e7a jur\u00eddica para a C\u00c2MARA MUNICIPAL DE ITAJUB\u00c1. A coleta e o tratamento dos dados pessoais est\u00e3o sujeitos ao crivo do Comit\u00ea Gestor de Prote\u00e7\u00e3o de Dados em acordo com a Lei N\u00b0 13.709\/2018 (LGPD).<\/p>\t\t\t\t\t\t<\/div>\n\t\t\t\t<\/div>\n\t\t\t\t<div class=\"elementor-element elementor-element-75c1ce1 elementor-widget elementor-widget-wpforms\" data-id=\"75c1ce1\" data-element_type=\"widget\" data-widget_type=\"wpforms.default\">\n\t\t\t\t<div class=\"elementor-widget-container\">\n\t\t\t<style id=\"wpforms-css-vars-root\">\n\t\t\t\t:root {\n\t\t\t\t\t--wpforms-field-border-radius: 3px;\n--wpforms-field-background-color: #ffffff;\n--wpforms-field-border-color: rgba( 0, 0, 0, 0.25 );\n--wpforms-field-text-color: rgba( 0, 0, 0, 0.7 );\n--wpforms-label-color: rgba( 0, 0, 0, 0.85 );\n--wpforms-label-sublabel-color: rgba( 0, 0, 0, 0.55 );\n--wpforms-label-error-color: #d63637;\n--wpforms-button-border-radius: 3px;\n--wpforms-button-background-color: #066aab;\n--wpforms-button-text-color: #ffffff;\n--wpforms-field-size-input-height: 43px;\n--wpforms-field-size-input-spacing: 15px;\n--wpforms-field-size-font-size: 16px;\n--wpforms-field-size-line-height: 19px;\n--wpforms-field-size-padding-h: 14px;\n--wpforms-field-size-checkbox-size: 16px;\n--wpforms-field-size-sublabel-spacing: 5px;\n--wpforms-field-size-icon-size: 1;\n--wpforms-label-size-font-size: 16px;\n--wpforms-label-size-line-height: 19px;\n--wpforms-label-size-sublabel-font-size: 14px;\n--wpforms-label-size-sublabel-line-height: 17px;\n--wpforms-button-size-font-size: 17px;\n--wpforms-button-size-height: 41px;\n--wpforms-button-size-padding-h: 15px;\n--wpforms-button-size-margin-top: 10px;\n\n\t\t\t\t}\n\t\t\t<\/style><style id=\"wpforms-css-vars-elementor-widget-75c1ce1\">\n\t\t\t\t.elementor-widget-wpforms.elementor-element-75c1ce1 {\n\t\t\t\t\t--wpforms-button-background-color: #319D8B;\n--wpforms-field-size-input-height: 31px;\n--wpforms-field-size-input-spacing: 10px;\n--wpforms-field-size-font-size: 14px;\n--wpforms-field-size-line-height: 17px;\n--wpforms-field-size-padding-h: 9px;\n--wpforms-field-size-checkbox-size: 14px;\n--wpforms-field-size-sublabel-spacing: 5px;\n--wpforms-field-size-icon-size: 0.75;\n--wpforms-label-size-font-size: 14px;\n--wpforms-label-size-line-height: 17px;\n--wpforms-label-size-sublabel-font-size: 13px;\n--wpforms-label-size-sublabel-line-height: 16px;\n--wpforms-button-size-font-size: 17px;\n--wpforms-button-size-height: 41px;\n--wpforms-button-size-padding-h: 15px;\n--wpforms-button-size-margin-top: 10px;\n\n\t\t\t\t}\n\t\t\t<\/style><div class=\"wpforms-container wpforms-container-full wpforms-render-modern\" id=\"wpforms-7229\"><form id=\"wpforms-form-7229\" class=\"wpforms-validate wpforms-form wpforms-ajax-form\" data-formid=\"7229\" method=\"post\" enctype=\"multipart\/form-data\" action=\"\/site\/wp-json\/wp\/v2\/pages\/7220\" data-token=\"c7259bfca8326c779f10c6c077d0c056\"><noscript class=\"wpforms-error-noscript\">Ative o JavaScript no seu navegador para preencher este formul\u00e1rio.<\/noscript><div class=\"wpforms-hidden\" id=\"wpforms-error-noscript\">Ative o JavaScript no seu navegador para preencher este formul\u00e1rio.<\/div><div class=\"wpforms-field-container\"><div id=\"wpforms-7229-field_4-container\" class=\"wpforms-field wpforms-field-text\" data-field-id=\"4\"><label class=\"wpforms-field-label\" for=\"wpforms-7229-field_4\">T\u00edtulo <span class=\"wpforms-required-label\" aria-hidden=\"true\">*<\/span><\/label><input type=\"text\" id=\"wpforms-7229-field_4\" class=\"wpforms-field-medium wpforms-field-required\" name=\"wpforms[fields][4]\" aria-errormessage=\"wpforms-7229-field_4-error\" required><\/div><div id=\"wpforms-7229-field_0-container\" class=\"wpforms-field wpforms-field-name\" data-field-id=\"0\"><label class=\"wpforms-field-label\" for=\"wpforms-7229-field_0\">Nome Completo <span class=\"wpforms-required-label\" aria-hidden=\"true\">*<\/span><\/label><input type=\"text\" id=\"wpforms-7229-field_0\" class=\"wpforms-field-medium wpforms-field-required\" name=\"wpforms[fields][0]\" aria-errormessage=\"wpforms-7229-field_0-error\" required><\/div><div id=\"wpforms-7229-field_1-container\" class=\"wpforms-field wpforms-field-email\" data-field-id=\"1\"><label class=\"wpforms-field-label\" for=\"wpforms-7229-field_1\">E-mail <span class=\"wpforms-required-label\" aria-hidden=\"true\">*<\/span><\/label><input type=\"email\" id=\"wpforms-7229-field_1\" class=\"wpforms-field-medium wpforms-field-required\" name=\"wpforms[fields][1]\" spellcheck=\"false\" aria-errormessage=\"wpforms-7229-field_1-error\" required><\/div><div id=\"wpforms-7229-field_5-container\" class=\"wpforms-field wpforms-field-number\" data-field-id=\"5\"><label class=\"wpforms-field-label\" for=\"wpforms-7229-field_5\">CPF \/ CNPJ <span class=\"wpforms-required-label\" aria-hidden=\"true\">*<\/span><\/label><input type=\"number\" pattern=\"\\d*\" id=\"wpforms-7229-field_5\" class=\"wpforms-field-medium wpforms-field-required\" name=\"wpforms[fields][5]\" aria-errormessage=\"wpforms-7229-field_5-error\" required><\/div><div id=\"wpforms-7229-field_6-container\" class=\"wpforms-field wpforms-field-select wpforms-field-select-style-classic\" data-field-id=\"6\"><label class=\"wpforms-field-label\" for=\"wpforms-7229-field_6\">Tema <span class=\"wpforms-required-label\" aria-hidden=\"true\">*<\/span><\/label><select id=\"wpforms-7229-field_6\" class=\"wpforms-field-medium wpforms-field-required\" name=\"wpforms[fields][6]\" required=\"required\"><option value=\"Constitui\u00e7\u00e3o. Legisla\u00e7\u00e3o e Reda\u00e7\u00e3o\" >Constitui\u00e7\u00e3o. Legisla\u00e7\u00e3o e Reda\u00e7\u00e3o<\/option><option value=\"Desenvolvimento Econ\u00f4mico, Ind\u00fastria, Com\u00e9rcio, Ci\u00eancia e Tecnologia\" >Desenvolvimento Econ\u00f4mico, Ind\u00fastria, Com\u00e9rcio, Ci\u00eancia e Tecnologia<\/option><option value=\"Direitos Humanos, Seguran\u00e7a P\u00fablica e Defesa do Consumidor\" >Direitos Humanos, Seguran\u00e7a P\u00fablica e Defesa do Consumidor<\/option><option value=\"Educa\u00e7\u00e3o, Cultura, Turismo, Desporto e Lazer\" >Educa\u00e7\u00e3o, Cultura, Turismo, Desporto e Lazer<\/option><option value=\"Finan\u00e7as, Or\u00e7amento e Fiscaliza\u00e7\u00e3o Financeira\" >Finan\u00e7as, Or\u00e7amento e Fiscaliza\u00e7\u00e3o Financeira<\/option><option value=\"Meio Ambiente, Bem Estar Animal e Agropecu\u00e1ria\" >Meio Ambiente, Bem Estar Animal e Agropecu\u00e1ria<\/option><option value=\"Obras, Servi\u00e7os P\u00fablicos, Habita\u00e7\u00e3o e Pol\u00edtica Urbana\" >Obras, Servi\u00e7os P\u00fablicos, Habita\u00e7\u00e3o e Pol\u00edtica Urbana<\/option><option value=\"Sa\u00fade, Assist\u00eancia e Promo\u00e7\u00e3o Social\" >Sa\u00fade, Assist\u00eancia e Promo\u00e7\u00e3o Social<\/option><option value=\"Outros\" >Outros<\/option><\/select><\/div><div id=\"wpforms-7229-field_7-container\" class=\"wpforms-field wpforms-field-checkbox\" data-field-id=\"7\"><fieldset><legend class=\"wpforms-field-label\">Tipo <span class=\"wpforms-required-label\" aria-hidden=\"true\">*<\/span><\/legend><ul id=\"wpforms-7229-field_7\" class=\"wpforms-field-required\"><li class=\"choice-1 depth-1\"><input type=\"checkbox\" id=\"wpforms-7229-field_7_1\" name=\"wpforms[fields][7][]\" value=\"Den\u00fancia\" aria-errormessage=\"wpforms-7229-field_7_1-error\" required ><label class=\"wpforms-field-label-inline\" for=\"wpforms-7229-field_7_1\">Den\u00fancia<\/label><\/li><li class=\"choice-2 depth-1\"><input type=\"checkbox\" id=\"wpforms-7229-field_7_2\" name=\"wpforms[fields][7][]\" value=\"Elogio\" aria-errormessage=\"wpforms-7229-field_7_2-error\" required ><label class=\"wpforms-field-label-inline\" for=\"wpforms-7229-field_7_2\">Elogio<\/label><\/li><li class=\"choice-3 depth-1\"><input type=\"checkbox\" id=\"wpforms-7229-field_7_3\" name=\"wpforms[fields][7][]\" value=\"Reclama\u00e7\u00e3o\" aria-errormessage=\"wpforms-7229-field_7_3-error\" required ><label class=\"wpforms-field-label-inline\" for=\"wpforms-7229-field_7_3\">Reclama\u00e7\u00e3o<\/label><\/li><li class=\"choice-4 depth-1\"><input type=\"checkbox\" id=\"wpforms-7229-field_7_4\" name=\"wpforms[fields][7][]\" value=\"Sugest\u00e3o\" aria-errormessage=\"wpforms-7229-field_7_4-error\" required ><label class=\"wpforms-field-label-inline\" for=\"wpforms-7229-field_7_4\">Sugest\u00e3o<\/label><\/li><\/ul><\/fieldset><\/div><div id=\"wpforms-7229-field_2-container\" class=\"wpforms-field wpforms-field-textarea\" data-field-id=\"2\"><label class=\"wpforms-field-label\" for=\"wpforms-7229-field_2\">Coment\u00e1rio <span class=\"wpforms-required-label\" aria-hidden=\"true\">*<\/span><\/label><textarea id=\"wpforms-7229-field_2\" class=\"wpforms-field-medium wpforms-field-required\" name=\"wpforms[fields][2]\" aria-errormessage=\"wpforms-7229-field_2-error\" required><\/textarea><\/div><\/div><!-- .wpforms-field-container --><div class=\"wpforms-submit-container\" ><input type=\"hidden\" name=\"wpforms[id]\" value=\"7229\"><input type=\"hidden\" name=\"wpforms[author]\" value=\"1\"><button type=\"submit\" name=\"wpforms[submit]\" id=\"wpforms-submit-7229\" class=\"wpforms-submit\" data-alt-text=\"Enviando\u2026\" data-submit-text=\"Enviar\" aria-live=\"assertive\" value=\"wpforms-submit\">Enviar<\/button><img loading=\"lazy\" decoding=\"async\" src=\"https:\/\/itajuba.cam.mg.gov.br\/site\/wp-content\/plugins\/wpforms-lite\/assets\/images\/submit-spin.svg\" class=\"wpforms-submit-spinner\" style=\"display: none;\" width=\"26\" height=\"26\" alt=\"A Carregar\"><\/div><\/form><\/div>  <!-- .wpforms-container -->\t\t<\/div>\n\t\t\t\t<\/div>\n\t\t\t\t\t<\/div>\n\t\t<\/div>\n\t\t\t\t\t\t\t<\/div>\n\t\t<\/section>\n\t\t\t\t\t\t\t<\/div>\n\t\t","protected":false},"excerpt":{"rendered":"<p>O Fiscaliza Itajub\u00e1 \u00e9 um canal de comunica\u00e7\u00e3o on-line, por onde o cidad\u00e3o pode enviar a sua sugest\u00e3o por melhorias no munic\u00edpio para as comiss\u00f5es formadas pelos Vereadores da C\u00e2mara. Cada comiss\u00e3o \u00e9 atuante em uma \u00e1rea, como sa\u00fade, educa\u00e7\u00e3o, meio-ambiente, de forma que as recomenda\u00e7\u00f5es advindas da sociedade civil s\u00e3o encaminhadas para a comiss\u00e3o [&hellip;]<\/p>\n","protected":false},"author":1,"featured_media":0,"parent":0,"menu_order":0,"comment_status":"closed","ping_status":"closed","template":"","meta":{"footnotes":""},"class_list":["post-7220","page","type-page","status-publish","hentry"],"yoast_head":"<!-- This site is optimized with the Yoast SEO plugin v21.0 - https:\/\/yoast.com\/wordpress\/plugins\/seo\/ -->\n<title>Fiscaliza Itajub\u00e1 - C\u00e2mara Municipal de Itajub\u00e1<\/title>\n<meta name=\"robots\" content=\"index, follow, max-snippet:-1, max-image-preview:large, max-video-preview:-1\" \/>\n<link rel=\"canonical\" href=\"https:\/\/itajuba.cam.mg.gov.br\/site\/fiscaliza-itajuba-2\/\" \/>\n<meta property=\"og:locale\" content=\"pt_BR\" \/>\n<meta property=\"og:type\" content=\"article\" \/>\n<meta property=\"og:title\" content=\"Fiscaliza Itajub\u00e1 - C\u00e2mara Municipal de Itajub\u00e1\" \/>\n<meta property=\"og:description\" content=\"O Fiscaliza Itajub\u00e1 \u00e9 um canal de comunica\u00e7\u00e3o on-line, por onde o cidad\u00e3o pode enviar a sua sugest\u00e3o por melhorias no munic\u00edpio para as comiss\u00f5es formadas pelos Vereadores da C\u00e2mara. Cada comiss\u00e3o \u00e9 atuante em uma \u00e1rea, como sa\u00fade, educa\u00e7\u00e3o, meio-ambiente, de forma que as recomenda\u00e7\u00f5es advindas da sociedade civil s\u00e3o encaminhadas para a comiss\u00e3o [&hellip;]\" \/>\n<meta property=\"og:url\" content=\"https:\/\/itajuba.cam.mg.gov.br\/site\/fiscaliza-itajuba-2\/\" \/>\n<meta property=\"og:site_name\" content=\"C\u00e2mara Municipal de Itajub\u00e1\" \/>\n<meta property=\"article:publisher\" content=\"https:\/\/www.facebook.com\/camaradeitajubaoficial\" \/>\n<meta property=\"article:modified_time\" content=\"2023-10-21T19:39:27+00:00\" \/>\n<meta property=\"og:image\" content=\"https:\/\/itajuba.cam.mg.gov.br\/site\/wp-content\/plugins\/wpforms-lite\/assets\/images\/submit-spin.svg\" \/>\n<meta name=\"twitter:card\" content=\"summary_large_image\" \/>\n<meta name=\"twitter:label1\" content=\"Est. tempo de leitura\" \/>\n\t<meta name=\"twitter:data1\" content=\"3 minutos\" \/>\n<script type=\"application\/ld+json\" class=\"yoast-schema-graph\">{\"@context\":\"https:\/\/schema.org\",\"@graph\":[{\"@type\":\"WebPage\",\"@id\":\"https:\/\/itajuba.cam.mg.gov.br\/site\/fiscaliza-itajuba-2\/\",\"url\":\"https:\/\/itajuba.cam.mg.gov.br\/site\/fiscaliza-itajuba-2\/\",\"name\":\"Fiscaliza Itajub\u00e1 - C\u00e2mara Municipal de Itajub\u00e1\",\"isPartOf\":{\"@id\":\"https:\/\/itajuba.cam.mg.gov.br\/site\/#website\"},\"datePublished\":\"2023-10-21T19:05:56+00:00\",\"dateModified\":\"2023-10-21T19:39:27+00:00\",\"breadcrumb\":{\"@id\":\"https:\/\/itajuba.cam.mg.gov.br\/site\/fiscaliza-itajuba-2\/#breadcrumb\"},\"inLanguage\":\"pt-BR\",\"potentialAction\":[{\"@type\":\"ReadAction\",\"target\":[\"https:\/\/itajuba.cam.mg.gov.br\/site\/fiscaliza-itajuba-2\/\"]}]},{\"@type\":\"BreadcrumbList\",\"@id\":\"https:\/\/itajuba.cam.mg.gov.br\/site\/fiscaliza-itajuba-2\/#breadcrumb\",\"itemListElement\":[{\"@type\":\"ListItem\",\"position\":1,\"name\":\"In\u00edcio\",\"item\":\"https:\/\/itajuba.cam.mg.gov.br\/site\/\"},{\"@type\":\"ListItem\",\"position\":2,\"name\":\"Fiscaliza Itajub\u00e1\"}]},{\"@type\":\"WebSite\",\"@id\":\"https:\/\/itajuba.cam.mg.gov.br\/site\/#website\",\"url\":\"https:\/\/itajuba.cam.mg.gov.br\/site\/\",\"name\":\"C\u00e2mara Municipal de Itajub\u00e1\",\"description\":\"Efici\u00eancia e Transpar\u00eancia\",\"publisher\":{\"@id\":\"https:\/\/itajuba.cam.mg.gov.br\/site\/#organization\"},\"potentialAction\":[{\"@type\":\"SearchAction\",\"target\":{\"@type\":\"EntryPoint\",\"urlTemplate\":\"https:\/\/itajuba.cam.mg.gov.br\/site\/?s={search_term_string}\"},\"query-input\":\"required name=search_term_string\"}],\"inLanguage\":\"pt-BR\"},{\"@type\":\"Organization\",\"@id\":\"https:\/\/itajuba.cam.mg.gov.br\/site\/#organization\",\"name\":\"C\u00e2mara Municipal de Itajub\u00e1\",\"url\":\"https:\/\/itajuba.cam.mg.gov.br\/site\/\",\"logo\":{\"@type\":\"ImageObject\",\"inLanguage\":\"pt-BR\",\"@id\":\"https:\/\/itajuba.cam.mg.gov.br\/site\/#\/schema\/logo\/image\/\",\"url\":\"https:\/\/itajuba.cam.mg.gov.br\/site\/wp-content\/uploads\/2023\/09\/logo_camara_2024.png\",\"contentUrl\":\"https:\/\/itajuba.cam.mg.gov.br\/site\/wp-content\/uploads\/2023\/09\/logo_camara_2024.png\",\"width\":1000,\"height\":385,\"caption\":\"C\u00e2mara Municipal de Itajub\u00e1\"},\"image\":{\"@id\":\"https:\/\/itajuba.cam.mg.gov.br\/site\/#\/schema\/logo\/image\/\"},\"sameAs\":[\"https:\/\/www.facebook.com\/camaradeitajubaoficial\",\"https:\/\/www.instagram.com\/camaradeitajubaoficial\/\",\"https:\/\/www.youtube.com\/user\/TVCAMARAITAJUBA\"]}]}<\/script>\n<!-- \/ Yoast SEO plugin. -->","yoast_head_json":{"title":"Fiscaliza Itajub\u00e1 - C\u00e2mara Municipal de Itajub\u00e1","robots":{"index":"index","follow":"follow","max-snippet":"max-snippet:-1","max-image-preview":"max-image-preview:large","max-video-preview":"max-video-preview:-1"},"canonical":"https:\/\/itajuba.cam.mg.gov.br\/site\/fiscaliza-itajuba-2\/","og_locale":"pt_BR","og_type":"article","og_title":"Fiscaliza Itajub\u00e1 - C\u00e2mara Municipal de Itajub\u00e1","og_description":"O Fiscaliza Itajub\u00e1 \u00e9 um canal de comunica\u00e7\u00e3o on-line, por onde o cidad\u00e3o pode enviar a sua sugest\u00e3o por melhorias no munic\u00edpio para as comiss\u00f5es formadas pelos Vereadores da C\u00e2mara. Cada comiss\u00e3o \u00e9 atuante em uma \u00e1rea, como sa\u00fade, educa\u00e7\u00e3o, meio-ambiente, de forma que as recomenda\u00e7\u00f5es advindas da sociedade civil s\u00e3o encaminhadas para a comiss\u00e3o [&hellip;]","og_url":"https:\/\/itajuba.cam.mg.gov.br\/site\/fiscaliza-itajuba-2\/","og_site_name":"C\u00e2mara Municipal de Itajub\u00e1","article_publisher":"https:\/\/www.facebook.com\/camaradeitajubaoficial","article_modified_time":"2023-10-21T19:39:27+00:00","og_image":[{"url":"https:\/\/itajuba.cam.mg.gov.br\/site\/wp-content\/plugins\/wpforms-lite\/assets\/images\/submit-spin.svg"}],"twitter_card":"summary_large_image","twitter_misc":{"Est. tempo de leitura":"3 minutos"},"schema":{"@context":"https:\/\/schema.org","@graph":[{"@type":"WebPage","@id":"https:\/\/itajuba.cam.mg.gov.br\/site\/fiscaliza-itajuba-2\/","url":"https:\/\/itajuba.cam.mg.gov.br\/site\/fiscaliza-itajuba-2\/","name":"Fiscaliza Itajub\u00e1 - C\u00e2mara Municipal de Itajub\u00e1","isPartOf":{"@id":"https:\/\/itajuba.cam.mg.gov.br\/site\/#website"},"datePublished":"2023-10-21T19:05:56+00:00","dateModified":"2023-10-21T19:39:27+00:00","breadcrumb":{"@id":"https:\/\/itajuba.cam.mg.gov.br\/site\/fiscaliza-itajuba-2\/#breadcrumb"},"inLanguage":"pt-BR","potentialAction":[{"@type":"ReadAction","target":["https:\/\/itajuba.cam.mg.gov.br\/site\/fiscaliza-itajuba-2\/"]}]},{"@type":"BreadcrumbList","@id":"https:\/\/itajuba.cam.mg.gov.br\/site\/fiscaliza-itajuba-2\/#breadcrumb","itemListElement":[{"@type":"ListItem","position":1,"name":"In\u00edcio","item":"https:\/\/itajuba.cam.mg.gov.br\/site\/"},{"@type":"ListItem","position":2,"name":"Fiscaliza Itajub\u00e1"}]},{"@type":"WebSite","@id":"https:\/\/itajuba.cam.mg.gov.br\/site\/#website","url":"https:\/\/itajuba.cam.mg.gov.br\/site\/","name":"C\u00e2mara Municipal de Itajub\u00e1","description":"Efici\u00eancia e Transpar\u00eancia","publisher":{"@id":"https:\/\/itajuba.cam.mg.gov.br\/site\/#organization"},"potentialAction":[{"@type":"SearchAction","target":{"@type":"EntryPoint","urlTemplate":"https:\/\/itajuba.cam.mg.gov.br\/site\/?s={search_term_string}"},"query-input":"required name=search_term_string"}],"inLanguage":"pt-BR"},{"@type":"Organization","@id":"https:\/\/itajuba.cam.mg.gov.br\/site\/#organization","name":"C\u00e2mara Municipal de Itajub\u00e1","url":"https:\/\/itajuba.cam.mg.gov.br\/site\/","logo":{"@type":"ImageObject","inLanguage":"pt-BR","@id":"https:\/\/itajuba.cam.mg.gov.br\/site\/#\/schema\/logo\/image\/","url":"https:\/\/itajuba.cam.mg.gov.br\/site\/wp-content\/uploads\/2023\/09\/logo_camara_2024.png","contentUrl":"https:\/\/itajuba.cam.mg.gov.br\/site\/wp-content\/uploads\/2023\/09\/logo_camara_2024.png","width":1000,"height":385,"caption":"C\u00e2mara Municipal de Itajub\u00e1"},"image":{"@id":"https:\/\/itajuba.cam.mg.gov.br\/site\/#\/schema\/logo\/image\/"},"sameAs":["https:\/\/www.facebook.com\/camaradeitajubaoficial","https:\/\/www.instagram.com\/camaradeitajubaoficial\/","https:\/\/www.youtube.com\/user\/TVCAMARAITAJUBA"]}]}},"_links":{"self":[{"href":"https:\/\/itajuba.cam.mg.gov.br\/site\/wp-json\/wp\/v2\/pages\/7220","targetHints":{"allow":["GET"]}}],"collection":[{"href":"https:\/\/itajuba.cam.mg.gov.br\/site\/wp-json\/wp\/v2\/pages"}],"about":[{"href":"https:\/\/itajuba.cam.mg.gov.br\/site\/wp-json\/wp\/v2\/types\/page"}],"author":[{"embeddable":true,"href":"https:\/\/itajuba.cam.mg.gov.br\/site\/wp-json\/wp\/v2\/users\/1"}],"replies":[{"embeddable":true,"href":"https:\/\/itajuba.cam.mg.gov.br\/site\/wp-json\/wp\/v2\/comments?post=7220"}],"version-history":[{"count":16,"href":"https:\/\/itajuba.cam.mg.gov.br\/site\/wp-json\/wp\/v2\/pages\/7220\/revisions"}],"predecessor-version":[{"id":7241,"href":"https:\/\/itajuba.cam.mg.gov.br\/site\/wp-json\/wp\/v2\/pages\/7220\/revisions\/7241"}],"wp:attachment":[{"href":"https:\/\/itajuba.cam.mg.gov.br\/site\/wp-json\/wp\/v2\/media?parent=7220"}],"curies":[{"name":"wp","href":"https:\/\/api.w.org\/{rel}","templated":true}]}}