{"id":8843,"date":"2023-11-22T20:43:05","date_gmt":"2023-11-22T20:43:05","guid":{"rendered":"https:\/\/itajuba.cam.mg.gov.br\/site\/?page_id=8843"},"modified":"2023-11-23T15:51:42","modified_gmt":"2023-11-23T15:51:42","slug":"jose-decio-martins","status":"publish","type":"page","link":"https:\/\/itajuba.cam.mg.gov.br\/site\/jose-decio-martins\/","title":{"rendered":"Jos\u00e9 D\u00e9cio Martins"},"content":{"rendered":"\t\t<div data-elementor-type=\"wp-page\" data-elementor-id=\"8843\" class=\"elementor elementor-8843\" data-elementor-post-type=\"page\">\n\t\t\t\t\t\t\t\t\t<section class=\"elementor-section elementor-top-section elementor-element elementor-element-4c4a5d4 elementor-section-boxed elementor-section-height-default elementor-section-height-default\" data-id=\"4c4a5d4\" data-element_type=\"section\">\n\t\t\t\t\t\t<div class=\"elementor-container elementor-column-gap-default\">\n\t\t\t\t\t<div class=\"elementor-column elementor-col-100 elementor-top-column elementor-element elementor-element-31d3d63\" data-id=\"31d3d63\" data-element_type=\"column\">\n\t\t\t<div class=\"elementor-widget-wrap elementor-element-populated\">\n\t\t\t\t\t\t\t\t<div class=\"elementor-element elementor-element-4b9c4d5 elementor-widget elementor-widget-text-editor\" data-id=\"4b9c4d5\" data-element_type=\"widget\" data-widget_type=\"text-editor.default\">\n\t\t\t\t<div class=\"elementor-widget-container\">\n\t\t\t<style>\/*! elementor - v3.16.0 - 13-09-2023 *\/\n.elementor-widget-text-editor.elementor-drop-cap-view-stacked .elementor-drop-cap{background-color:#69727d;color:#fff}.elementor-widget-text-editor.elementor-drop-cap-view-framed .elementor-drop-cap{color:#69727d;border:3px solid;background-color:transparent}.elementor-widget-text-editor:not(.elementor-drop-cap-view-default) .elementor-drop-cap{margin-top:8px}.elementor-widget-text-editor:not(.elementor-drop-cap-view-default) .elementor-drop-cap-letter{width:1em;height:1em}.elementor-widget-text-editor .elementor-drop-cap{float:left;text-align:center;line-height:1;font-size:50px}.elementor-widget-text-editor .elementor-drop-cap-letter{display:inline-block}<\/style>\t\t\t\t<p><img loading=\"lazy\" decoding=\"async\" class=\"size-medium wp-image-6452 aligncenter\" src=\"https:\/\/itajuba.cam.mg.gov.br\/site\/wp-content\/uploads\/2023\/10\/31-JOSE-DECIO-MARTINS-1993-1994-1997-1998-226x300.jpg\" alt=\"\" width=\"226\" height=\"300\" srcset=\"https:\/\/itajuba.cam.mg.gov.br\/site\/wp-content\/uploads\/2023\/10\/31-JOSE-DECIO-MARTINS-1993-1994-1997-1998-226x300.jpg 226w, https:\/\/itajuba.cam.mg.gov.br\/site\/wp-content\/uploads\/2023\/10\/31-JOSE-DECIO-MARTINS-1993-1994-1997-1998.jpg 549w\" sizes=\"auto, (max-width: 226px) 100vw, 226px\" \/><\/p><p>Jos\u00e9 D\u00e9cio Martins nasceu em 26 de mar\u00e7o de 1956 na cidade de Maria da F\u00e9, filho de Pedro Carlos Martins e Maria Imaculada Martins. Infelizmente, ele perdeu o pai aos oito anos de idade, o que levou sua fam\u00edlia a se mudar para Itajub\u00e1, especificamente para o bairro Santo Ant\u00f4nio.<\/p><p>Ele cursou seus estudos na Escola Estadual Wenceslau Neto, atualmente chamada de Escola Municipal Wenceslau Neto, onde concluiu o Ensino Fundamental. J\u00e1 o Ensino M\u00e9dio foi conclu\u00eddo no Col\u00e9gio de Itajub\u00e1.<\/p><p>Ap\u00f3s finalizar seus estudos, D\u00e9cio se formou como T\u00e9cnico em Enfermagem no Col\u00e9gio Sagrado Cora\u00e7\u00e3o de Jesus.<\/p><p>Desde jovem, ele precisou trabalhar para ajudar sua m\u00e3e, sendo o irm\u00e3o mais velho de seis. Dessa forma, ele trabalhou em diversos locais, como o Grande Hotel, Standard Electric e na Associa\u00e7\u00e3o de Integra\u00e7\u00e3o Social de Itajub\u00e1 &#8211; Hospital Escola. Foi quando come\u00e7ou a trabalhar como antiqu\u00e1rio que ele come\u00e7ou a ser reconhecido na cidade. Era um estudioso das coisas antigas, entre elas os casar\u00f5es centen\u00e1rios, principalmente os p\u00fablicos, que os admirava e fazia quest\u00e3o de cobrar a sua preserva\u00e7\u00e3o.<\/p><p>Mesmo n\u00e3o sendo pol\u00edtico, Jos\u00e9 D\u00e9cio conseguiu realizar conquistas significativas para a comunidade, incluindo a pavimenta\u00e7\u00e3o de ruas e a constru\u00e7\u00e3o da escadaria que d\u00e1 acesso ao bairro Santo Ant\u00f4nio.<\/p><p>Ele teve uma participa\u00e7\u00e3o essencial na constru\u00e7\u00e3o da Igreja de Santo Ant\u00f4nio assim que se mudou para o bairro. Al\u00e9m disso, durante anos, ele tamb\u00e9m participou ativamente do carnaval nos bairros Avenida e Santo Ant\u00f4nio.<\/p><p>Querido por todos, D\u00e9cio entrou para a vida p\u00fablica na d\u00e9cada de 1990, e nas elei\u00e7\u00f5es de 1992 foi eleito vereador, sendo o mais votado. Assumiu ent\u00e3o a Presid\u00eancia da C\u00e2mara Municipal de Itajub\u00e1 no bi\u00eanio 1993\/1994. Foi reeleito em 1996 e novamente assumiu a Presid\u00eancia da C\u00e2mara no bi\u00eanio 1997\/1998. Foi considerado um dos mais brilhantes presidentes da C\u00e2mara, buscando sempre a valoriza\u00e7\u00e3o do Poder Legislativo.<\/p><p>Em maio de 1998, enquanto o prefeito Jos\u00e9 Francisco Marques Ribeiro viajava para Portugal, Jos\u00e9 D\u00e9cio assumiu interinamente a Prefeitura Municipal de Itajub\u00e1 por 10 dias.<\/p><p>Como pol\u00edtico, seu maior desejo era construir uma escola e uma quadra de esportes para o bairro Santo Ant\u00f4nio. Durante seu segundo mandato como vereador, ele conseguiu concretizar a constru\u00e7\u00e3o da escola. Infelizmente, seu outro sonho n\u00e3o foi realizado, que era a constru\u00e7\u00e3o da quadra de esportes.<\/p><p>Jos\u00e9 D\u00e9cio Martins faleceu em 5 de maio de 2001 em Belo Horizonte (MG), v\u00edtima de um choque s\u00e9ptico causado por uma pneumonia.<\/p><p>Para homenagear sua contribui\u00e7\u00e3o \u00e0 comunidade de Itajub\u00e1, a C\u00e2mara Municipal aprovou o Decreto Legislativo n\u00ba 198, de 2 de junho de 2007, denominando a sede do legislativo municipal como &#8220;Pal\u00e1cio Vereador Jos\u00e9 D\u00e9cio Martins&#8221;. Uma justa homenagem, perpetuando o nome de um cidad\u00e3o que soube valorizar o Poder P\u00fablico com suas a\u00e7\u00f5es pol\u00edticas voltadas para o compromisso com o povo e com a Hist\u00f3ria.<\/p>\t\t\t\t\t\t<\/div>\n\t\t\t\t<\/div>\n\t\t\t\t\t<\/div>\n\t\t<\/div>\n\t\t\t\t\t\t\t<\/div>\n\t\t<\/section>\n\t\t\t\t<section class=\"elementor-section elementor-top-section elementor-element elementor-element-e42d62a elementor-section-boxed elementor-section-height-default elementor-section-height-default\" data-id=\"e42d62a\" data-element_type=\"section\">\n\t\t\t\t\t\t<div class=\"elementor-container elementor-column-gap-default\">\n\t\t\t\t\t<div class=\"elementor-column elementor-col-100 elementor-top-column elementor-element elementor-element-f6f1d97\" data-id=\"f6f1d97\" data-element_type=\"column\">\n\t\t\t<div class=\"elementor-widget-wrap elementor-element-populated\">\n\t\t\t\t\t\t\t\t<div class=\"elementor-element elementor-element-e4dcae7 elementor-widget elementor-widget-button\" data-id=\"e4dcae7\" data-element_type=\"widget\" data-widget_type=\"button.default\">\n\t\t\t\t<div class=\"elementor-widget-container\">\n\t\t\t\t\t<div class=\"elementor-button-wrapper\">\n\t\t\t<a class=\"elementor-button elementor-button-link elementor-size-sm elementor-animation-shrink\" href=\"https:\/\/itajuba.cam.mg.gov.br\/site\/presidentes\/&#039;\">\n\t\t\t\t\t\t<span class=\"elementor-button-content-wrapper\">\n\t\t\t\t\t\t<span class=\"elementor-button-text\">Retornar<\/span>\n\t\t<\/span>\n\t\t\t\t\t<\/a>\n\t\t<\/div>\n\t\t\t\t<\/div>\n\t\t\t\t<\/div>\n\t\t\t\t\t<\/div>\n\t\t<\/div>\n\t\t\t\t\t\t\t<\/div>\n\t\t<\/section>\n\t\t\t\t\t\t\t<\/div>\n\t\t","protected":false},"excerpt":{"rendered":"<p>Jos\u00e9 D\u00e9cio Martins nasceu em 26 de mar\u00e7o de 1956 na cidade de Maria da F\u00e9, filho de Pedro Carlos Martins e Maria Imaculada Martins. Infelizmente, ele perdeu o pai aos oito anos de idade, o que levou sua fam\u00edlia a se mudar para Itajub\u00e1, especificamente para o bairro Santo Ant\u00f4nio. Ele cursou seus estudos [&hellip;]<\/p>\n","protected":false},"author":2,"featured_media":0,"parent":0,"menu_order":0,"comment_status":"closed","ping_status":"closed","template":"","meta":{"footnotes":""},"class_list":["post-8843","page","type-page","status-publish","hentry"],"yoast_head":"<!-- This site is optimized with the Yoast SEO plugin v21.0 - https:\/\/yoast.com\/wordpress\/plugins\/seo\/ -->\n<title>Jos\u00e9 D\u00e9cio Martins - C\u00e2mara Municipal de Itajub\u00e1<\/title>\n<meta name=\"robots\" content=\"index, follow, max-snippet:-1, max-image-preview:large, max-video-preview:-1\" \/>\n<link rel=\"canonical\" href=\"https:\/\/itajuba.cam.mg.gov.br\/site\/jose-decio-martins\/\" \/>\n<meta property=\"og:locale\" content=\"pt_BR\" \/>\n<meta property=\"og:type\" content=\"article\" \/>\n<meta property=\"og:title\" content=\"Jos\u00e9 D\u00e9cio Martins - C\u00e2mara Municipal de Itajub\u00e1\" \/>\n<meta property=\"og:description\" content=\"Jos\u00e9 D\u00e9cio Martins nasceu em 26 de mar\u00e7o de 1956 na cidade de Maria da F\u00e9, filho de Pedro Carlos Martins e Maria Imaculada Martins. Infelizmente, ele perdeu o pai aos oito anos de idade, o que levou sua fam\u00edlia a se mudar para Itajub\u00e1, especificamente para o bairro Santo Ant\u00f4nio. Ele cursou seus estudos [&hellip;]\" \/>\n<meta property=\"og:url\" content=\"https:\/\/itajuba.cam.mg.gov.br\/site\/jose-decio-martins\/\" \/>\n<meta property=\"og:site_name\" content=\"C\u00e2mara Municipal de Itajub\u00e1\" \/>\n<meta property=\"article:publisher\" content=\"https:\/\/www.facebook.com\/camaradeitajubaoficial\" \/>\n<meta property=\"article:modified_time\" content=\"2023-11-23T15:51:42+00:00\" \/>\n<meta property=\"og:image\" content=\"https:\/\/itajuba.cam.mg.gov.br\/site\/wp-content\/uploads\/2023\/10\/31-JOSE-DECIO-MARTINS-1993-1994-1997-1998-226x300.jpg\" \/>\n<meta name=\"twitter:card\" content=\"summary_large_image\" \/>\n<meta name=\"twitter:label1\" content=\"Est. tempo de leitura\" \/>\n\t<meta name=\"twitter:data1\" content=\"3 minutos\" \/>\n<script type=\"application\/ld+json\" class=\"yoast-schema-graph\">{\"@context\":\"https:\/\/schema.org\",\"@graph\":[{\"@type\":\"WebPage\",\"@id\":\"https:\/\/itajuba.cam.mg.gov.br\/site\/jose-decio-martins\/\",\"url\":\"https:\/\/itajuba.cam.mg.gov.br\/site\/jose-decio-martins\/\",\"name\":\"Jos\u00e9 D\u00e9cio Martins - C\u00e2mara Municipal de Itajub\u00e1\",\"isPartOf\":{\"@id\":\"https:\/\/itajuba.cam.mg.gov.br\/site\/#website\"},\"datePublished\":\"2023-11-22T20:43:05+00:00\",\"dateModified\":\"2023-11-23T15:51:42+00:00\",\"breadcrumb\":{\"@id\":\"https:\/\/itajuba.cam.mg.gov.br\/site\/jose-decio-martins\/#breadcrumb\"},\"inLanguage\":\"pt-BR\",\"potentialAction\":[{\"@type\":\"ReadAction\",\"target\":[\"https:\/\/itajuba.cam.mg.gov.br\/site\/jose-decio-martins\/\"]}]},{\"@type\":\"BreadcrumbList\",\"@id\":\"https:\/\/itajuba.cam.mg.gov.br\/site\/jose-decio-martins\/#breadcrumb\",\"itemListElement\":[{\"@type\":\"ListItem\",\"position\":1,\"name\":\"In\u00edcio\",\"item\":\"https:\/\/itajuba.cam.mg.gov.br\/site\/\"},{\"@type\":\"ListItem\",\"position\":2,\"name\":\"Jos\u00e9 D\u00e9cio Martins\"}]},{\"@type\":\"WebSite\",\"@id\":\"https:\/\/itajuba.cam.mg.gov.br\/site\/#website\",\"url\":\"https:\/\/itajuba.cam.mg.gov.br\/site\/\",\"name\":\"C\u00e2mara Municipal de Itajub\u00e1\",\"description\":\"Efici\u00eancia e Transpar\u00eancia\",\"publisher\":{\"@id\":\"https:\/\/itajuba.cam.mg.gov.br\/site\/#organization\"},\"potentialAction\":[{\"@type\":\"SearchAction\",\"target\":{\"@type\":\"EntryPoint\",\"urlTemplate\":\"https:\/\/itajuba.cam.mg.gov.br\/site\/?s={search_term_string}\"},\"query-input\":\"required name=search_term_string\"}],\"inLanguage\":\"pt-BR\"},{\"@type\":\"Organization\",\"@id\":\"https:\/\/itajuba.cam.mg.gov.br\/site\/#organization\",\"name\":\"C\u00e2mara Municipal de Itajub\u00e1\",\"url\":\"https:\/\/itajuba.cam.mg.gov.br\/site\/\",\"logo\":{\"@type\":\"ImageObject\",\"inLanguage\":\"pt-BR\",\"@id\":\"https:\/\/itajuba.cam.mg.gov.br\/site\/#\/schema\/logo\/image\/\",\"url\":\"https:\/\/itajuba.cam.mg.gov.br\/site\/wp-content\/uploads\/2023\/09\/logo_camara_2024.png\",\"contentUrl\":\"https:\/\/itajuba.cam.mg.gov.br\/site\/wp-content\/uploads\/2023\/09\/logo_camara_2024.png\",\"width\":1000,\"height\":385,\"caption\":\"C\u00e2mara Municipal de Itajub\u00e1\"},\"image\":{\"@id\":\"https:\/\/itajuba.cam.mg.gov.br\/site\/#\/schema\/logo\/image\/\"},\"sameAs\":[\"https:\/\/www.facebook.com\/camaradeitajubaoficial\",\"https:\/\/www.instagram.com\/camaradeitajubaoficial\/\",\"https:\/\/www.youtube.com\/user\/TVCAMARAITAJUBA\"]}]}<\/script>\n<!-- \/ Yoast SEO plugin. -->","yoast_head_json":{"title":"Jos\u00e9 D\u00e9cio Martins - C\u00e2mara Municipal de Itajub\u00e1","robots":{"index":"index","follow":"follow","max-snippet":"max-snippet:-1","max-image-preview":"max-image-preview:large","max-video-preview":"max-video-preview:-1"},"canonical":"https:\/\/itajuba.cam.mg.gov.br\/site\/jose-decio-martins\/","og_locale":"pt_BR","og_type":"article","og_title":"Jos\u00e9 D\u00e9cio Martins - C\u00e2mara Municipal de Itajub\u00e1","og_description":"Jos\u00e9 D\u00e9cio Martins nasceu em 26 de mar\u00e7o de 1956 na cidade de Maria da F\u00e9, filho de Pedro Carlos Martins e Maria Imaculada Martins. Infelizmente, ele perdeu o pai aos oito anos de idade, o que levou sua fam\u00edlia a se mudar para Itajub\u00e1, especificamente para o bairro Santo Ant\u00f4nio. Ele cursou seus estudos [&hellip;]","og_url":"https:\/\/itajuba.cam.mg.gov.br\/site\/jose-decio-martins\/","og_site_name":"C\u00e2mara Municipal de Itajub\u00e1","article_publisher":"https:\/\/www.facebook.com\/camaradeitajubaoficial","article_modified_time":"2023-11-23T15:51:42+00:00","og_image":[{"url":"https:\/\/itajuba.cam.mg.gov.br\/site\/wp-content\/uploads\/2023\/10\/31-JOSE-DECIO-MARTINS-1993-1994-1997-1998-226x300.jpg"}],"twitter_card":"summary_large_image","twitter_misc":{"Est. tempo de leitura":"3 minutos"},"schema":{"@context":"https:\/\/schema.org","@graph":[{"@type":"WebPage","@id":"https:\/\/itajuba.cam.mg.gov.br\/site\/jose-decio-martins\/","url":"https:\/\/itajuba.cam.mg.gov.br\/site\/jose-decio-martins\/","name":"Jos\u00e9 D\u00e9cio Martins - C\u00e2mara Municipal de Itajub\u00e1","isPartOf":{"@id":"https:\/\/itajuba.cam.mg.gov.br\/site\/#website"},"datePublished":"2023-11-22T20:43:05+00:00","dateModified":"2023-11-23T15:51:42+00:00","breadcrumb":{"@id":"https:\/\/itajuba.cam.mg.gov.br\/site\/jose-decio-martins\/#breadcrumb"},"inLanguage":"pt-BR","potentialAction":[{"@type":"ReadAction","target":["https:\/\/itajuba.cam.mg.gov.br\/site\/jose-decio-martins\/"]}]},{"@type":"BreadcrumbList","@id":"https:\/\/itajuba.cam.mg.gov.br\/site\/jose-decio-martins\/#breadcrumb","itemListElement":[{"@type":"ListItem","position":1,"name":"In\u00edcio","item":"https:\/\/itajuba.cam.mg.gov.br\/site\/"},{"@type":"ListItem","position":2,"name":"Jos\u00e9 D\u00e9cio Martins"}]},{"@type":"WebSite","@id":"https:\/\/itajuba.cam.mg.gov.br\/site\/#website","url":"https:\/\/itajuba.cam.mg.gov.br\/site\/","name":"C\u00e2mara Municipal de Itajub\u00e1","description":"Efici\u00eancia e Transpar\u00eancia","publisher":{"@id":"https:\/\/itajuba.cam.mg.gov.br\/site\/#organization"},"potentialAction":[{"@type":"SearchAction","target":{"@type":"EntryPoint","urlTemplate":"https:\/\/itajuba.cam.mg.gov.br\/site\/?s={search_term_string}"},"query-input":"required name=search_term_string"}],"inLanguage":"pt-BR"},{"@type":"Organization","@id":"https:\/\/itajuba.cam.mg.gov.br\/site\/#organization","name":"C\u00e2mara Municipal de Itajub\u00e1","url":"https:\/\/itajuba.cam.mg.gov.br\/site\/","logo":{"@type":"ImageObject","inLanguage":"pt-BR","@id":"https:\/\/itajuba.cam.mg.gov.br\/site\/#\/schema\/logo\/image\/","url":"https:\/\/itajuba.cam.mg.gov.br\/site\/wp-content\/uploads\/2023\/09\/logo_camara_2024.png","contentUrl":"https:\/\/itajuba.cam.mg.gov.br\/site\/wp-content\/uploads\/2023\/09\/logo_camara_2024.png","width":1000,"height":385,"caption":"C\u00e2mara Municipal de Itajub\u00e1"},"image":{"@id":"https:\/\/itajuba.cam.mg.gov.br\/site\/#\/schema\/logo\/image\/"},"sameAs":["https:\/\/www.facebook.com\/camaradeitajubaoficial","https:\/\/www.instagram.com\/camaradeitajubaoficial\/","https:\/\/www.youtube.com\/user\/TVCAMARAITAJUBA"]}]}},"_links":{"self":[{"href":"https:\/\/itajuba.cam.mg.gov.br\/site\/wp-json\/wp\/v2\/pages\/8843","targetHints":{"allow":["GET"]}}],"collection":[{"href":"https:\/\/itajuba.cam.mg.gov.br\/site\/wp-json\/wp\/v2\/pages"}],"about":[{"href":"https:\/\/itajuba.cam.mg.gov.br\/site\/wp-json\/wp\/v2\/types\/page"}],"author":[{"embeddable":true,"href":"https:\/\/itajuba.cam.mg.gov.br\/site\/wp-json\/wp\/v2\/users\/2"}],"replies":[{"embeddable":true,"href":"https:\/\/itajuba.cam.mg.gov.br\/site\/wp-json\/wp\/v2\/comments?post=8843"}],"version-history":[{"count":12,"href":"https:\/\/itajuba.cam.mg.gov.br\/site\/wp-json\/wp\/v2\/pages\/8843\/revisions"}],"predecessor-version":[{"id":8914,"href":"https:\/\/itajuba.cam.mg.gov.br\/site\/wp-json\/wp\/v2\/pages\/8843\/revisions\/8914"}],"wp:attachment":[{"href":"https:\/\/itajuba.cam.mg.gov.br\/site\/wp-json\/wp\/v2\/media?parent=8843"}],"curies":[{"name":"wp","href":"https:\/\/api.w.org\/{rel}","templated":true}]}}